{"id":15548,"date":"2024-12-17T11:54:30","date_gmt":"2024-12-17T11:54:30","guid":{"rendered":"https:\/\/difrenos.com\/?post_type=product&#038;p=15548"},"modified":"2025-11-27T13:26:59","modified_gmt":"2025-11-27T13:26:59","slug":"chaqueta-acerbis-highlander","status":"publish","type":"product","link":"https:\/\/difrenos.com\/index.php\/producto\/chaqueta-acerbis-highlander\/","title":{"rendered":"Chaqueta Acerbis Highlander"},"content":{"rendered":"<p>Referencia: 0015960090066 Talla L<\/p>\n<ul>\n<li>Chaqueta de invierno para ciudad y carretera<\/li>\n<li>Protecciones extra\u00edbles homologadas<\/li>\n<li>Forro interior desmontable<\/li>\n<li>Corte tipo 3\/4<\/li>\n<li>Cintura ajustable<\/li>\n<li>M\u00faltiples bolsillos y ventilaciones<\/li>\n<li>sta chaqueta t\u00e9cnica cuenta con todo lo necesario en cuanto a protecci\u00f3n para el motorista y adem\u00e1s dispone de los elementos para que la conducci\u00f3n sea confortable sin olvidar la utilidad necesaria para el d\u00eda a d\u00eda.El corte es m\u00e1s bien largo porque lo que es ideal para las \u00e9pocas fr\u00edas que se avecinan. Est\u00e1 confeccionada en nailon poliamida con refuerzos. Tiene forro interior acolchado y desmontable fabricado en poli\u00e9ster Oxford1680D. La protecci\u00f3n es fundamental en una prenda de este tipo pero tambi\u00e9n los son factores como la impermeabilidad y la transpiraci\u00f3n, indispensables para la comodidad del motorista. En este sentido cuenta con una membrana extra\u00edble de manga larga resistente a la columna de agua de 10.000 mm. Para la ventilaci\u00f3n, la Highlander dispone de un sistema patentado por la propia marca y bautizado como Acerbis Aire Clima Confort.En cuanto a los dispositivos de protecci\u00f3n, est\u00e1n ubicados en la espalda, hombros y codos. Concretamente son las Powertector modelo Hexa y en la zona de la espalda lleva una Eva desmontable. En materia de seguridad tambi\u00e9n aporta zonas reflectantes en la parte delantera y la espalda.\n<p>Es b\u00e1sico que ajuste a la perfecci\u00f3n tanto en el cuello como en las mu\u00f1ecas para que no se infle, interfiriendo de forma negativa en la conducci\u00f3n. Por ello es regulable en la cintura con velcro y cinta, zona del b\u00edceps con velcro. Dispone de borde inferior y codos en tejido el\u00e1stico, as\u00ed como cuello con microregulaci\u00f3n con botones y Flexisnal\u00ae.<\/p>\n<p>Y en cuanto a utilidad, los bolsillos son muy importantes: Amplio bolsillo trasero oculto, numerosos bolsillos\u00a0 aplicados y ocultos en la parte delantera. Bolsillo interno para m\u00f3vil.<\/li>\n<\/ul>\n","protected":false},"excerpt":{"rendered":"<p>Talla L<\/p>\n","protected":false},"featured_media":15595,"template":"","meta":{"_et_pb_use_builder":"","_et_pb_old_content":"","_et_gb_content_width":""},"product_cat":[729,33,232,51,363],"product_tag":[26,41,190],"_links":{"self":[{"href":"https:\/\/difrenos.com\/index.php\/wp-json\/wp\/v2\/product\/15548"}],"collection":[{"href":"https:\/\/difrenos.com\/index.php\/wp-json\/wp\/v2\/product"}],"about":[{"href":"https:\/\/difrenos.com\/index.php\/wp-json\/wp\/v2\/types\/product"}],"wp:featuredmedia":[{"embeddable":true,"href":"https:\/\/difrenos.com\/index.php\/wp-json\/wp\/v2\/media\/15595"}],"wp:attachment":[{"href":"https:\/\/difrenos.com\/index.php\/wp-json\/wp\/v2\/media?parent=15548"}],"wp:term":[{"taxonomy":"product_cat","embeddable":true,"href":"https:\/\/difrenos.com\/index.php\/wp-json\/wp\/v2\/product_cat?post=15548"},{"taxonomy":"product_tag","embeddable":true,"href":"https:\/\/difrenos.com\/index.php\/wp-json\/wp\/v2\/product_tag?post=15548"}],"curies":[{"name":"wp","href":"https:\/\/api.w.org\/{rel}","templated":true}]}}

<p>Referencia: 0015960090066 Talla L</p>
<ul>
<li>Chaqueta de invierno para ciudad y carretera</li>
<li>Protecciones extraíbles homologadas</li>
<li>Forro interior desmontable</li>
<li>Corte tipo 3/4</li>
<li>Cintura ajustable</li>
<li>Múltiples bolsillos y ventilaciones</li>
<li>sta chaqueta técnica cuenta con todo lo necesario en cuanto a protección para el motorista y además dispone de los elementos para que la conducción sea confortable sin olvidar la utilidad necesaria para el día a día.El corte es más bien largo porque lo que es ideal para las épocas frías que se avecinan. Está confeccionada en nailon poliamida con refuerzos. Tiene forro interior acolchado y desmontable fabricado en poliéster Oxford1680D. La protección es fundamental en una prenda de este tipo pero también los son factores como la impermeabilidad y la transpiración, indispensables para la comodidad del motorista. En este sentido cuenta con una membrana extraíble de manga larga resistente a la columna de agua de 10.000 mm. Para la ventilación, la Highlander dispone de un sistema patentado por la propia marca y bautizado como Acerbis Aire Clima Confort.En cuanto a los dispositivos de protección, están ubicados en la espalda, hombros y codos. Concretamente son las Powertector modelo Hexa y en la zona de la espalda lleva una Eva desmontable. En materia de seguridad también aporta zonas reflectantes en la parte delantera y la espalda.
<p>Es básico que ajuste a la perfección tanto en el cuello como en las muñecas para que no se infle, interfiriendo de forma negativa en la conducción. Por ello es regulable en la cintura con velcro y cinta, zona del bíceps con velcro. Dispone de borde inferior y codos en tejido elástico, así como cuello con microregulación con botones y Flexisnal®.</p>
<p>Y en cuanto a utilidad, los bolsillos son muy importantes: Amplio bolsillo trasero oculto, numerosos bolsillos  aplicados y ocultos en la parte delantera. Bolsillo interno para móvil.</li>
</ul>
