{"id":15397,"date":"2024-12-11T13:48:34","date_gmt":"2024-12-11T13:48:34","guid":{"rendered":"https:\/\/difrenos.com\/?post_type=product&#038;p=15397"},"modified":"2025-11-18T11:59:37","modified_gmt":"2025-11-18T11:59:37","slug":"guantes-100-ridecamp-junior","status":"publish","type":"product","link":"https:\/\/difrenos.com\/index.php\/producto\/guantes-100-ridecamp-junior\/","title":{"rendered":"Guantes 100% Ridecamp Junior Negro"},"content":{"rendered":"<p>Referencia: 1001200001 Talla M<\/p>\n<p>&#8211; Pu\u00f1o deslizante ergon\u00f3mico en relieve dise\u00f1ado para acomodar el reloj de entrenamiento<br \/>\n&#8211; La parte superior de nylon \/ spandex brinda comodidad y flexibilidad<br \/>\n&#8211; Palma de clarino de una capa<br \/>\n&#8211; Refuerzos de los dedos el\u00e1sticos<br \/>\n&#8211; La palma y los dedos con estampado de silicona mejoran el agarre y la tracci\u00f3n<\/p>\n","protected":false},"excerpt":{"rendered":"<p>Talla M<\/p>\n","protected":false},"featured_media":15399,"template":"","meta":{"_et_pb_use_builder":"","_et_pb_old_content":"","_et_gb_content_width":""},"product_cat":[731,33,261,116],"product_tag":[665,455,117],"_links":{"self":[{"href":"https:\/\/difrenos.com\/index.php\/wp-json\/wp\/v2\/product\/15397"}],"collection":[{"href":"https:\/\/difrenos.com\/index.php\/wp-json\/wp\/v2\/product"}],"about":[{"href":"https:\/\/difrenos.com\/index.php\/wp-json\/wp\/v2\/types\/product"}],"wp:featuredmedia":[{"embeddable":true,"href":"https:\/\/difrenos.com\/index.php\/wp-json\/wp\/v2\/media\/15399"}],"wp:attachment":[{"href":"https:\/\/difrenos.com\/index.php\/wp-json\/wp\/v2\/media?parent=15397"}],"wp:term":[{"taxonomy":"product_cat","embeddable":true,"href":"https:\/\/difrenos.com\/index.php\/wp-json\/wp\/v2\/product_cat?post=15397"},{"taxonomy":"product_tag","embeddable":true,"href":"https:\/\/difrenos.com\/index.php\/wp-json\/wp\/v2\/product_tag?post=15397"}],"curies":[{"name":"wp","href":"https:\/\/api.w.org\/{rel}","templated":true}]}}