{"id":14998,"date":"2024-11-21T12:20:22","date_gmt":"2024-11-21T12:20:22","guid":{"rendered":"https:\/\/difrenos.com\/?post_type=product&#038;p=14998"},"modified":"2026-04-09T07:35:14","modified_gmt":"2026-04-09T07:35:14","slug":"moto-electrica-infantil-husqvarna-e-1-20-negro-blanco","status":"publish","type":"product","link":"https:\/\/difrenos.com\/index.php\/producto\/moto-electrica-infantil-husqvarna-e-1-20-negro-blanco\/","title":{"rendered":"Husqvarna Edrive 1.20"},"content":{"rendered":"<div class=\"flex text-xs text-grey order-2 text-sm\"><span class=\"type mr-1\">Referencia: <\/span>3HS230076100<\/div>\n<div><\/div>\n<div>\n<p>La E 1.20, totalmente nueva desde sus ruedas de 20 pulgadas hasta sus gruesos neum\u00e1ticos, capaz de alcanzar una velocidad m\u00e1xima de 32 km\/h \u00a1es lo m\u00e1s parecido a una moto offroad de verdad!<\/p>\n<p>Tres modelos de pilotaje: Para los pilotos noveles, el modo entrenamiento est\u00e1 limitado a una velocidad m\u00e1xima de 16 km\/h, el modo est\u00e1ndar pone el l\u00edmite en 24 km\/h, y el modo avanzado permite velocidades hasta 32 km\/h.<\/p>\n<p>Para ni\u00f1os de 9-12 a\u00f1os con una entrepierna de 61cm.<\/p>\n<ul>\n<li>Motor: Tensi\u00f3n nominal 36 V.<\/li>\n<li>Tiempo de carga 3 h.<\/li>\n<li>Freno delantero: Hayes Dominion A2.<\/li>\n<li>Freno trasero: Hayes Dominion A2.<\/li>\n<li>Estructura del chasis: Full Aluminum frame with proprietary shaped tubes .<\/li>\n<li>Suspensi\u00f3n delantera: Manitou J-Unit fork.<\/li>\n<li>Altura del asiento 580 mm.<\/li>\n<li>Recorrido de suspensi\u00f3n delantera: 80 mm.<\/li>\n<li>Peso: 15 kg.<\/li>\n<\/ul>\n<\/div>\n","protected":false},"excerpt":{"rendered":"<p>Referencia: 3HS230076100 La E 1.20, totalmente nueva desde sus ruedas de 20 pulgadas hasta sus gruesos neum\u00e1ticos, capaz de alcanzar una velocidad m\u00e1xima de 32 km\/h \u00a1es lo m\u00e1s parecido a una moto offroad de verdad! Tres modelos de pilotaje: Para los pilotos noveles, el modo entrenamiento est\u00e1 limitado a una velocidad m\u00e1xima de 16 [&hellip;]<\/p>\n","protected":false},"featured_media":14999,"template":"","meta":{"_et_pb_use_builder":"","_et_pb_old_content":"","_et_gb_content_width":""},"product_cat":[30,426,107,324,129],"product_tag":[507,108],"_links":{"self":[{"href":"https:\/\/difrenos.com\/index.php\/wp-json\/wp\/v2\/product\/14998"}],"collection":[{"href":"https:\/\/difrenos.com\/index.php\/wp-json\/wp\/v2\/product"}],"about":[{"href":"https:\/\/difrenos.com\/index.php\/wp-json\/wp\/v2\/types\/product"}],"wp:featuredmedia":[{"embeddable":true,"href":"https:\/\/difrenos.com\/index.php\/wp-json\/wp\/v2\/media\/14999"}],"wp:attachment":[{"href":"https:\/\/difrenos.com\/index.php\/wp-json\/wp\/v2\/media?parent=14998"}],"wp:term":[{"taxonomy":"product_cat","embeddable":true,"href":"https:\/\/difrenos.com\/index.php\/wp-json\/wp\/v2\/product_cat?post=14998"},{"taxonomy":"product_tag","embeddable":true,"href":"https:\/\/difrenos.com\/index.php\/wp-json\/wp\/v2\/product_tag?post=14998"}],"curies":[{"name":"wp","href":"https:\/\/api.w.org\/{rel}","templated":true}]}}