{"id":14924,"date":"2024-11-18T17:04:55","date_gmt":"2024-11-18T17:04:55","guid":{"rendered":"https:\/\/difrenos.com\/?post_type=product&#038;p=14924"},"modified":"2024-11-18T17:06:31","modified_gmt":"2024-11-18T17:06:31","slug":"polo-team-husqvarna-2024-talla-m","status":"publish","type":"product","link":"https:\/\/difrenos.com\/index.php\/producto\/polo-team-husqvarna-2024-talla-m\/","title":{"rendered":"POLO TEAM HUSQVARNA 2024 TALLA M"},"content":{"rendered":"<ul>\n<li>Cuello cl\u00e1sico de polo<\/li>\n<li>100 % poli\u00e9ster<\/li>\n<li>Nuestro modelo tiene un tama\u00f1o de 189 cm y lleva la talla L.<\/li>\n<\/ul>\n","protected":false},"excerpt":{"rendered":"<p>Cuello cl\u00e1sico de polo 100 % poli\u00e9ster Nuestro modelo tiene un tama\u00f1o de 189 cm y lleva la talla L.<\/p>\n","protected":false},"featured_media":14925,"template":"","meta":{"_et_pb_use_builder":"","_et_pb_old_content":"","_et_gb_content_width":""},"product_cat":[33,702,701],"product_tag":[],"_links":{"self":[{"href":"https:\/\/difrenos.com\/index.php\/wp-json\/wp\/v2\/product\/14924"}],"collection":[{"href":"https:\/\/difrenos.com\/index.php\/wp-json\/wp\/v2\/product"}],"about":[{"href":"https:\/\/difrenos.com\/index.php\/wp-json\/wp\/v2\/types\/product"}],"wp:featuredmedia":[{"embeddable":true,"href":"https:\/\/difrenos.com\/index.php\/wp-json\/wp\/v2\/media\/14925"}],"wp:attachment":[{"href":"https:\/\/difrenos.com\/index.php\/wp-json\/wp\/v2\/media?parent=14924"}],"wp:term":[{"taxonomy":"product_cat","embeddable":true,"href":"https:\/\/difrenos.com\/index.php\/wp-json\/wp\/v2\/product_cat?post=14924"},{"taxonomy":"product_tag","embeddable":true,"href":"https:\/\/difrenos.com\/index.php\/wp-json\/wp\/v2\/product_tag?post=14924"}],"curies":[{"name":"wp","href":"https:\/\/api.w.org\/{rel}","templated":true}]}}