{"id":14748,"date":"2024-11-13T15:38:42","date_gmt":"2024-11-13T15:38:42","guid":{"rendered":"https:\/\/difrenos.com\/?post_type=product&#038;p=14748"},"modified":"2026-03-09T20:56:19","modified_gmt":"2026-03-09T20:56:19","slug":"botas-husqvarna-x-power","status":"publish","type":"product","link":"https:\/\/difrenos.com\/index.php\/producto\/botas-husqvarna-x-power\/","title":{"rendered":"Botas Husqvarna X-Power"},"content":{"rendered":"<div class=\"elementor-element elementor-element-24b4f62 elementor-widget elementor-widget-html\" data-id=\"24b4f62\" data-element_type=\"widget\" data-widget_type=\"html.default\">\n<div class=\"elementor-widget-container\">\n<div class=\"products-section-title\">\n<div class=\"amshopby-option-link flex flex-col\">Referencias:<br \/>\n3HS240018404 Talla 43<br \/>\n3HS240018405 Talla 44<br \/>\n3HS240018406 Talla 45<\/div>\n<\/div>\n<\/div>\n<\/div>\n<div class=\"elementor-element elementor-element-c1ccdd9 elementor-widget elementor-widget-product-description-short elementor-widget-text-editor\" data-id=\"c1ccdd9\" data-element_type=\"widget\" data-widget_type=\"product-description-short.default\">\n<div class=\"elementor-widget-container\">\n<div class=\"ce-product-description-short\">\n<p>Botas de competici\u00f3n de primera calidad<br \/>\nSuela interior de nailon con plantilla extra\u00edble<br \/>\nCa\u00f1a intercambiable y sin costuras<br \/>\nFlex system exclusivo y patentado con bloque de hiperextensi\u00f3n en articulaci\u00f3n de tobillo<br \/>\nProtectores de espinilla sustituibles<br \/>\nProtector termoplastico en la zona de los dedos<br \/>\nProtector de tal\u00f3n robusto, absorbedor de impactos y de forma anat\u00f3mica<br \/>\nSistema ajustable para las pantorrillas<br \/>\nHebillas para el ajuste preciso, sustituibles<br \/>\nDise\u00f1o exclusivo de SIDI para Husqvarna Motorcycles.<\/p>\n<\/div>\n<\/div>\n<\/div>\n","protected":false},"excerpt":{"rendered":"<p>Referencias: 3HS240018404 Talla 43 3HS240018405 Talla 44 3HS240018406 Talla 45 Botas de competici\u00f3n de primera calidad Suela interior de nailon con plantilla extra\u00edble Ca\u00f1a intercambiable y sin costuras Flex system exclusivo y patentado con bloque de hiperextensi\u00f3n en articulaci\u00f3n de tobillo Protectores de espinilla sustituibles Protector termoplastico en la zona de los dedos Protector de [&hellip;]<\/p>\n","protected":false},"featured_media":14749,"template":"","meta":{"_et_pb_use_builder":"","_et_pb_old_content":"","_et_gb_content_width":""},"product_cat":[776,221,33,740,34,253,701],"product_tag":[296,108],"_links":{"self":[{"href":"https:\/\/difrenos.com\/index.php\/wp-json\/wp\/v2\/product\/14748"}],"collection":[{"href":"https:\/\/difrenos.com\/index.php\/wp-json\/wp\/v2\/product"}],"about":[{"href":"https:\/\/difrenos.com\/index.php\/wp-json\/wp\/v2\/types\/product"}],"wp:featuredmedia":[{"embeddable":true,"href":"https:\/\/difrenos.com\/index.php\/wp-json\/wp\/v2\/media\/14749"}],"wp:attachment":[{"href":"https:\/\/difrenos.com\/index.php\/wp-json\/wp\/v2\/media?parent=14748"}],"wp:term":[{"taxonomy":"product_cat","embeddable":true,"href":"https:\/\/difrenos.com\/index.php\/wp-json\/wp\/v2\/product_cat?post=14748"},{"taxonomy":"product_tag","embeddable":true,"href":"https:\/\/difrenos.com\/index.php\/wp-json\/wp\/v2\/product_tag?post=14748"}],"curies":[{"name":"wp","href":"https:\/\/api.w.org\/{rel}","templated":true}]}}