{"id":14598,"date":"2024-11-11T16:57:10","date_gmt":"2024-11-11T16:57:10","guid":{"rendered":"https:\/\/difrenos.com\/?post_type=product&#038;p=14598"},"modified":"2026-02-18T14:17:00","modified_gmt":"2026-02-18T14:17:00","slug":"chaqueta-shot-enduro-flexor-talla-xl","status":"publish","type":"product","link":"https:\/\/difrenos.com\/index.php\/producto\/chaqueta-shot-enduro-flexor-talla-xl\/","title":{"rendered":"Chaqueta Shot Enduro Flexor MX"},"content":{"rendered":"<p>Referencia: A0J14F0N101<\/p>\n<p>Marca: SHOT<\/p>\n<p>&#8211; Chaqueta estilo Enduro.<\/p>\n<p>&#8211; Dise\u00f1ada para proporcionar alta movilidad.<\/p>\n<p>&#8211; Construcci\u00f3n general en Nylon que ofrece comodidad y resistencia a la abrasi\u00f3n.<\/p>\n<p>&#8211; Cuello desmontable para uso con collar\u00edn.<\/p>\n<p>&#8211; Forro polar extra\u00edble, chaleco interior.<\/p>\n<p>&#8211; Material de forro suave alrededor del cuello.<\/p>\n<p>&#8211; Mangas desmontables.<\/p>\n<p>&#8211; Sistema de cierre de velcro en cuello y mu\u00f1ecas.<\/p>\n<p>&#8211; Exclusivas esposas de Lycra que evitan que el viento entre en la manga.<\/p>\n<p>&#8211; Cord\u00f3n interior ajustable en la cintura.<\/p>\n<p>&#8211; M\u00faltiples bolsillos exteriores e interiores.<\/p>\n<p>&#8211; Gran bolsillo trasero que se transforma en una ri\u00f1onera para guardar la chaqueta.<\/p>\n<p>&#8211; Cremalleras laterales que permiten ampliar la chaqueta alrededor de la cintura.<\/p>\n<p>&#8211; M\u00faltiples ventilaciones con cremallera.<\/p>\n<p>&#8211; Bolsillos dentro de la chaqueta, que ofrecen la opci\u00f3n de insertar armadura.<\/p>\n<p>&#8211; La chaqueta proporciona paso para sistemas de tubo de hidrataci\u00f3n.<\/p>\n","protected":false},"excerpt":{"rendered":"<p>Referencia: A0J14F0N101 Marca: SHOT &#8211; Chaqueta estilo Enduro. &#8211; Dise\u00f1ada para proporcionar alta movilidad. &#8211; Construcci\u00f3n general en Nylon que ofrece comodidad y resistencia a la abrasi\u00f3n. &#8211; Cuello desmontable para uso con collar\u00edn. &#8211; Forro polar extra\u00edble, chaleco interior. &#8211; Material de forro suave alrededor del cuello. &#8211; Mangas desmontables. &#8211; Sistema de cierre [&hellip;]<\/p>\n","protected":false},"featured_media":22251,"template":"","meta":{"_et_pb_use_builder":"","_et_pb_old_content":"","_et_gb_content_width":""},"product_cat":[33,51,69,363],"product_tag":[296,646],"_links":{"self":[{"href":"https:\/\/difrenos.com\/index.php\/wp-json\/wp\/v2\/product\/14598"}],"collection":[{"href":"https:\/\/difrenos.com\/index.php\/wp-json\/wp\/v2\/product"}],"about":[{"href":"https:\/\/difrenos.com\/index.php\/wp-json\/wp\/v2\/types\/product"}],"wp:featuredmedia":[{"embeddable":true,"href":"https:\/\/difrenos.com\/index.php\/wp-json\/wp\/v2\/media\/22251"}],"wp:attachment":[{"href":"https:\/\/difrenos.com\/index.php\/wp-json\/wp\/v2\/media?parent=14598"}],"wp:term":[{"taxonomy":"product_cat","embeddable":true,"href":"https:\/\/difrenos.com\/index.php\/wp-json\/wp\/v2\/product_cat?post=14598"},{"taxonomy":"product_tag","embeddable":true,"href":"https:\/\/difrenos.com\/index.php\/wp-json\/wp\/v2\/product_tag?post=14598"}],"curies":[{"name":"wp","href":"https:\/\/api.w.org\/{rel}","templated":true}]}}

<p>Referencia: A0J14F0N101</p>
<p>Marca: SHOT</p>
<p>&#8211; Chaqueta estilo Enduro.</p>
<p>&#8211; Diseñada para proporcionar alta movilidad.</p>
<p>&#8211; Construcción general en Nylon que ofrece comodidad y resistencia a la abrasión.</p>
<p>&#8211; Cuello desmontable para uso con collarín.</p>
<p>&#8211; Forro polar extraíble, chaleco interior.</p>
<p>&#8211; Material de forro suave alrededor del cuello.</p>
<p>&#8211; Mangas desmontables.</p>
<p>&#8211; Sistema de cierre de velcro en cuello y muñecas.</p>
<p>&#8211; Exclusivas esposas de Lycra que evitan que el viento entre en la manga.</p>
<p>&#8211; Cordón interior ajustable en la cintura.</p>
<p>&#8211; Múltiples bolsillos exteriores e interiores.</p>
<p>&#8211; Gran bolsillo trasero que se transforma en una riñonera para guardar la chaqueta.</p>
<p>&#8211; Cremalleras laterales que permiten ampliar la chaqueta alrededor de la cintura.</p>
<p>&#8211; Múltiples ventilaciones con cremallera.</p>
<p>&#8211; Bolsillos dentro de la chaqueta, que ofrecen la opción de insertar armadura.</p>
<p>&#8211; La chaqueta proporciona paso para sistemas de tubo de hidratación.</p>

<p>Referencia: A0J14F0N101 Marca: SHOT &#8211; Chaqueta estilo Enduro. &#8211; Diseñada para proporcionar alta movilidad. &#8211; Construcción general en Nylon que ofrece comodidad y resistencia a la abrasión. &#8211; Cuello desmontable para uso con collarín. &#8211; Forro polar extraíble, chaleco interior. &#8211; Material de forro suave alrededor del cuello. &#8211; Mangas desmontables. &#8211; Sistema de cierre [&hellip;]</p>
