{"id":14515,"date":"2024-11-08T13:50:08","date_gmt":"2024-11-08T13:50:08","guid":{"rendered":"https:\/\/difrenos.com\/?post_type=product&#038;p=14515"},"modified":"2026-02-23T14:03:26","modified_gmt":"2026-02-23T14:03:26","slug":"peto-thor-youth-quadrant","status":"publish","type":"product","link":"https:\/\/difrenos.com\/index.php\/producto\/peto-thor-youth-quadrant\/","title":{"rendered":"Peto Thor Youth Quadrant"},"content":{"rendered":"<ul>\n<li>Absorci\u00f3n de energ\u00eda, acolchado de espuma de alta densidad.<\/li>\n<li>Sistema de cierre de hebilla lateral ajustable .<\/li>\n<li>Sistema de hombro libre-flotante .<\/li>\n<li>Protectores de los brazos extra\u00edbles.<\/li>\n<li>Rollo de cuello Totalmente acolchada para mayor comodidad.<\/li>\n<li>Pasajes de flujo de aire \u00f3ptimas .<\/li>\n<li>Construcci\u00f3n costilla en caja para la rigidez.<\/li>\n<li>Pecho Refinado y contornos de espalda para un ajuste perfecto.<\/li>\n<\/ul>\n","protected":false},"excerpt":{"rendered":"<p>Absorci\u00f3n de energ\u00eda, acolchado de espuma de alta densidad. Sistema de cierre de hebilla lateral ajustable . Sistema de hombro libre-flotante . Protectores de los brazos extra\u00edbles. Rollo de cuello Totalmente acolchada para mayor comodidad. Pasajes de flujo de aire \u00f3ptimas . Construcci\u00f3n costilla en caja para la rigidez. Pecho Refinado y contornos de espalda [&hellip;]<\/p>\n","protected":false},"featured_media":23069,"template":"","meta":{"_et_pb_use_builder":"","_et_pb_old_content":"","_et_gb_content_width":""},"product_cat":[33,116,698,167],"product_tag":[117,309,810],"_links":{"self":[{"href":"https:\/\/difrenos.com\/index.php\/wp-json\/wp\/v2\/product\/14515"}],"collection":[{"href":"https:\/\/difrenos.com\/index.php\/wp-json\/wp\/v2\/product"}],"about":[{"href":"https:\/\/difrenos.com\/index.php\/wp-json\/wp\/v2\/types\/product"}],"wp:featuredmedia":[{"embeddable":true,"href":"https:\/\/difrenos.com\/index.php\/wp-json\/wp\/v2\/media\/23069"}],"wp:attachment":[{"href":"https:\/\/difrenos.com\/index.php\/wp-json\/wp\/v2\/media?parent=14515"}],"wp:term":[{"taxonomy":"product_cat","embeddable":true,"href":"https:\/\/difrenos.com\/index.php\/wp-json\/wp\/v2\/product_cat?post=14515"},{"taxonomy":"product_tag","embeddable":true,"href":"https:\/\/difrenos.com\/index.php\/wp-json\/wp\/v2\/product_tag?post=14515"}],"curies":[{"name":"wp","href":"https:\/\/api.w.org\/{rel}","templated":true}]}}