{"id":13619,"date":"2024-10-11T08:26:18","date_gmt":"2024-10-11T08:26:18","guid":{"rendered":"https:\/\/difrenos.com\/?post_type=product&#038;p=13619"},"modified":"2026-03-12T11:43:23","modified_gmt":"2026-03-12T11:43:23","slug":"maneta-de-embrague-husqvarna-7800293120068","status":"publish","type":"product","link":"https:\/\/difrenos.com\/index.php\/producto\/maneta-de-embrague-husqvarna-7800293120068\/","title":{"rendered":"MANETA DE EMBRAGUE HUSQVARNA (7800293120068)"},"content":{"rendered":"<p>Los accesorios forjados de la maneta del freno y del embrague de Husqvarna ofrecen las siguientes ventajas:<\/p>\n<p>Fabricados en aluminio de alta resistencia, forjados y posteriormente tratados con CNC<\/p>\n<p>Este minucioso procedimiento de fabricaci\u00f3n garantiza amplia durabilidad, m\u00e1xima flexibilidad y \u00f3ptima adaptaci\u00f3n<\/p>\n<p>Forma ergon\u00f3mica optimizada<\/p>\n<p>Punto de rotura controlada predefinido<\/p>\n<p>Anodizado en azul<\/p>\n<p>TE 250\/300 \u00b411-\u00b416<\/p>\n","protected":false},"excerpt":{"rendered":"<p>Los accesorios forjados de la maneta del freno y del embrague de Husqvarna ofrecen las siguientes ventajas: Fabricados en aluminio de alta resistencia, forjados y posteriormente tratados con CNC Este minucioso procedimiento de fabricaci\u00f3n garantiza amplia durabilidad, m\u00e1xima flexibilidad y \u00f3ptima adaptaci\u00f3n Forma ergon\u00f3mica optimizada Punto de rotura controlada predefinido Anodizado en azul TE 250\/300 [&hellip;]<\/p>\n","protected":false},"featured_media":13620,"template":"","meta":{"_et_pb_use_builder":"","_et_pb_old_content":"","_et_gb_content_width":""},"product_cat":[806,170],"product_tag":[],"_links":{"self":[{"href":"https:\/\/difrenos.com\/index.php\/wp-json\/wp\/v2\/product\/13619"}],"collection":[{"href":"https:\/\/difrenos.com\/index.php\/wp-json\/wp\/v2\/product"}],"about":[{"href":"https:\/\/difrenos.com\/index.php\/wp-json\/wp\/v2\/types\/product"}],"wp:featuredmedia":[{"embeddable":true,"href":"https:\/\/difrenos.com\/index.php\/wp-json\/wp\/v2\/media\/13620"}],"wp:attachment":[{"href":"https:\/\/difrenos.com\/index.php\/wp-json\/wp\/v2\/media?parent=13619"}],"wp:term":[{"taxonomy":"product_cat","embeddable":true,"href":"https:\/\/difrenos.com\/index.php\/wp-json\/wp\/v2\/product_cat?post=13619"},{"taxonomy":"product_tag","embeddable":true,"href":"https:\/\/difrenos.com\/index.php\/wp-json\/wp\/v2\/product_tag?post=13619"}],"curies":[{"name":"wp","href":"https:\/\/api.w.org\/{rel}","templated":true}]}}