{"id":13369,"date":"2024-10-07T08:30:57","date_gmt":"2024-10-07T08:30:57","guid":{"rendered":"https:\/\/difrenos.com\/?post_type=product&#038;p=13369"},"modified":"2026-03-17T18:32:11","modified_gmt":"2026-03-17T18:32:11","slug":"tapon-del-deposito-del-liquido-de-frenos6131396200030","status":"publish","type":"product","link":"https:\/\/difrenos.com\/index.php\/producto\/tapon-del-deposito-del-liquido-de-frenos6131396200030\/","title":{"rendered":"TAP\u00d3N DEL DEP\u00d3SITO DEL L\u00cdQUIDO DE FRENOS(6131396200030)"},"content":{"rendered":"<p>De aluminio de alta calidad, mecanizado<\/p>\n<p>Superficie anodizada de aspecto elegante<\/p>\n<p>Aspecto est\u00e9tico destacado<\/p>\n<p>VITPILEN\/SVARTPILEN 125\/401 \u00b424<\/p>\n<p>VITPILEN 701 y 701 ENDURO\/SM<\/p>\n<p>GAS GAS 700 SM\/ENDURO<\/p>\n<p>&nbsp;<\/p>\n","protected":false},"excerpt":{"rendered":"<p>De aluminio de alta calidad, mecanizado Superficie anodizada de aspecto elegante Aspecto est\u00e9tico destacado VITPILEN\/SVARTPILEN 125\/401 \u00b424 VITPILEN 701 y 701 ENDURO\/SM GAS GAS 700 SM\/ENDURO &nbsp;<\/p>\n","protected":false},"featured_media":13370,"template":"","meta":{"_et_pb_use_builder":"","_et_pb_old_content":"","_et_gb_content_width":""},"product_cat":[763],"product_tag":[],"_links":{"self":[{"href":"https:\/\/difrenos.com\/index.php\/wp-json\/wp\/v2\/product\/13369"}],"collection":[{"href":"https:\/\/difrenos.com\/index.php\/wp-json\/wp\/v2\/product"}],"about":[{"href":"https:\/\/difrenos.com\/index.php\/wp-json\/wp\/v2\/types\/product"}],"wp:featuredmedia":[{"embeddable":true,"href":"https:\/\/difrenos.com\/index.php\/wp-json\/wp\/v2\/media\/13370"}],"wp:attachment":[{"href":"https:\/\/difrenos.com\/index.php\/wp-json\/wp\/v2\/media?parent=13369"}],"wp:term":[{"taxonomy":"product_cat","embeddable":true,"href":"https:\/\/difrenos.com\/index.php\/wp-json\/wp\/v2\/product_cat?post=13369"},{"taxonomy":"product_tag","embeddable":true,"href":"https:\/\/difrenos.com\/index.php\/wp-json\/wp\/v2\/product_tag?post=13369"}],"curies":[{"name":"wp","href":"https:\/\/api.w.org\/{rel}","templated":true}]}}