{"id":13344,"date":"2024-10-07T07:11:52","date_gmt":"2024-10-07T07:11:52","guid":{"rendered":"https:\/\/difrenos.com\/?post_type=product&#038;p=13344"},"modified":"2026-03-12T12:23:51","modified_gmt":"2026-03-12T12:23:51","slug":"protector-de-horquilla-neopreno-husqvarna","status":"publish","type":"product","link":"https:\/\/difrenos.com\/index.php\/producto\/protector-de-horquilla-neopreno-husqvarna\/","title":{"rendered":"PROTECTOR DE HORQUILLA NEOPRENO HUSQVARNA"},"content":{"rendered":"<p>Para todas las horquillas de 48\u00a0mm<\/p>\n<p>Protecci\u00f3n perfecta para la hermetizaci\u00f3n de la horquilla<\/p>\n<p>Para su uso con el protector de horquilla cerrado<\/p>\n<ul>\n<li>V\u00e1lido:<\/li>\n<li>701 SM \/ Enduro 2016 &#8211; 2023<\/li>\n<li>TE 150 \/ 250 \/ 300 2015 &#8211; 2023<\/li>\n<li>TE 150I 2017 &#8211; 2022 &#8211; 250I \/ 300I 2018 &#8211; 2022<\/li>\n<li>FE 250 \/ 350 \/ 450 \/ 501 2015 &#8211; 2023<\/li>\n<li>FC 250 \/ 350 \/ 450 2014 &#8211; 2022<\/li>\n<li>TC 125 \/ 250 2014 &#8211; 2023<\/li>\n<li>FS 450 2015 &#8211; 2023<\/li>\n<li>FX 350 \/ 450 2022 &#8211; 2023<\/li>\n<\/ul>\n","protected":false},"excerpt":{"rendered":"<p>Para todas las horquillas de 48\u00a0mm Protecci\u00f3n perfecta para la hermetizaci\u00f3n de la horquilla Para su uso con el protector de horquilla cerrado V\u00e1lido: 701 SM \/ Enduro 2016 &#8211; 2023 TE 150 \/ 250 \/ 300 2015 &#8211; 2023 TE 150I 2017 &#8211; 2022 &#8211; 250I \/ 300I 2018 &#8211; 2022 FE 250 \/ [&hellip;]<\/p>\n","protected":false},"featured_media":13345,"template":"","meta":{"_et_pb_use_builder":"","_et_pb_old_content":"","_et_gb_content_width":""},"product_cat":[789],"product_tag":[],"_links":{"self":[{"href":"https:\/\/difrenos.com\/index.php\/wp-json\/wp\/v2\/product\/13344"}],"collection":[{"href":"https:\/\/difrenos.com\/index.php\/wp-json\/wp\/v2\/product"}],"about":[{"href":"https:\/\/difrenos.com\/index.php\/wp-json\/wp\/v2\/types\/product"}],"wp:featuredmedia":[{"embeddable":true,"href":"https:\/\/difrenos.com\/index.php\/wp-json\/wp\/v2\/media\/13345"}],"wp:attachment":[{"href":"https:\/\/difrenos.com\/index.php\/wp-json\/wp\/v2\/media?parent=13344"}],"wp:term":[{"taxonomy":"product_cat","embeddable":true,"href":"https:\/\/difrenos.com\/index.php\/wp-json\/wp\/v2\/product_cat?post=13344"},{"taxonomy":"product_tag","embeddable":true,"href":"https:\/\/difrenos.com\/index.php\/wp-json\/wp\/v2\/product_tag?post=13344"}],"curies":[{"name":"wp","href":"https:\/\/api.w.org\/{rel}","templated":true}]}}