{"id":13292,"date":"2024-10-04T12:06:05","date_gmt":"2024-10-04T12:06:05","guid":{"rendered":"https:\/\/difrenos.com\/?post_type=product&#038;p=13292"},"modified":"2026-04-24T10:25:31","modified_gmt":"2026-04-24T10:25:31","slug":"softhell-trial-trs","status":"publish","type":"product","link":"https:\/\/difrenos.com\/index.php\/producto\/softhell-trial-trs\/","title":{"rendered":"Softshell TRS"},"content":{"rendered":"<p>Softshell TRRS con tres capas, Logos en goma termopl\u00e1stica, Corta vientos e Impresi\u00f3n por sublimaci\u00f3n.<\/p>\n","protected":false},"excerpt":{"rendered":"<p>Talla M<\/p>\n","protected":false},"featured_media":13299,"template":"","meta":{"_et_pb_use_builder":"","_et_pb_old_content":"","_et_gb_content_width":""},"product_cat":[33,51,201,286,207,709],"product_tag":[865,450],"_links":{"self":[{"href":"https:\/\/difrenos.com\/index.php\/wp-json\/wp\/v2\/product\/13292"}],"collection":[{"href":"https:\/\/difrenos.com\/index.php\/wp-json\/wp\/v2\/product"}],"about":[{"href":"https:\/\/difrenos.com\/index.php\/wp-json\/wp\/v2\/types\/product"}],"wp:featuredmedia":[{"embeddable":true,"href":"https:\/\/difrenos.com\/index.php\/wp-json\/wp\/v2\/media\/13299"}],"wp:attachment":[{"href":"https:\/\/difrenos.com\/index.php\/wp-json\/wp\/v2\/media?parent=13292"}],"wp:term":[{"taxonomy":"product_cat","embeddable":true,"href":"https:\/\/difrenos.com\/index.php\/wp-json\/wp\/v2\/product_cat?post=13292"},{"taxonomy":"product_tag","embeddable":true,"href":"https:\/\/difrenos.com\/index.php\/wp-json\/wp\/v2\/product_tag?post=13292"}],"curies":[{"name":"wp","href":"https:\/\/api.w.org\/{rel}","templated":true}]}}