{"id":13258,"date":"2024-10-04T09:16:26","date_gmt":"2024-10-04T09:16:26","guid":{"rendered":"https:\/\/difrenos.com\/?post_type=product&#038;p=13258"},"modified":"2026-03-23T13:53:16","modified_gmt":"2026-03-23T13:53:16","slug":"proteccion-de-faro-husqvarna-norden-901","status":"publish","type":"product","link":"https:\/\/difrenos.com\/index.php\/producto\/proteccion-de-faro-husqvarna-norden-901\/","title":{"rendered":"Protecci\u00f3n de Faro Husqvarna Norden 901 (22114944044)"},"content":{"rendered":"<p>Protecci\u00f3n de faro eficaz<\/p>\n<p>Protecci\u00f3n \u00f3ptima contra el impacto de piedras<\/p>\n<p>Aspecto est\u00e9tico destacado<\/p>\n<p>Se integran a la perfecci\u00f3n en el dise\u00f1o del veh\u00edculo<\/p>\n<p>Montaje f\u00e1cil<\/p>\n","protected":false},"excerpt":{"rendered":"<p>Protecci\u00f3n de faro eficaz Protecci\u00f3n \u00f3ptima contra el impacto de piedras Aspecto est\u00e9tico destacado Se integran a la perfecci\u00f3n en el dise\u00f1o del veh\u00edculo Montaje f\u00e1cil<\/p>\n","protected":false},"featured_media":13259,"template":"","meta":{"_et_pb_use_builder":"","_et_pb_old_content":"","_et_gb_content_width":""},"product_cat":[789,170],"product_tag":[],"_links":{"self":[{"href":"https:\/\/difrenos.com\/index.php\/wp-json\/wp\/v2\/product\/13258"}],"collection":[{"href":"https:\/\/difrenos.com\/index.php\/wp-json\/wp\/v2\/product"}],"about":[{"href":"https:\/\/difrenos.com\/index.php\/wp-json\/wp\/v2\/types\/product"}],"wp:featuredmedia":[{"embeddable":true,"href":"https:\/\/difrenos.com\/index.php\/wp-json\/wp\/v2\/media\/13259"}],"wp:attachment":[{"href":"https:\/\/difrenos.com\/index.php\/wp-json\/wp\/v2\/media?parent=13258"}],"wp:term":[{"taxonomy":"product_cat","embeddable":true,"href":"https:\/\/difrenos.com\/index.php\/wp-json\/wp\/v2\/product_cat?post=13258"},{"taxonomy":"product_tag","embeddable":true,"href":"https:\/\/difrenos.com\/index.php\/wp-json\/wp\/v2\/product_tag?post=13258"}],"curies":[{"name":"wp","href":"https:\/\/api.w.org\/{rel}","templated":true}]}}