{"id":12824,"date":"2024-09-19T08:42:36","date_gmt":"2024-09-19T08:42:36","guid":{"rendered":"https:\/\/difrenos.com\/?post_type=product&#038;p=12824"},"modified":"2024-11-19T11:19:13","modified_gmt":"2024-11-19T11:19:13","slug":"culata-de-compresion-estandar-silver-gas-txt-280-s3","status":"publish","type":"product","link":"https:\/\/difrenos.com\/index.php\/producto\/culata-de-compresion-estandar-silver-gas-txt-280-s3\/","title":{"rendered":"CULATA DE COMPRESION ESTANDAR SILVER GAS TXT 280 S3"},"content":{"rendered":"<ul class=\"details__ul\">\n<li>contienen buj\u00eda corta NGK: BPMR6A y juntas t\u00f3ricas.<\/li>\n<li>Utiliza las mejores aleaciones disponibles para mejorar la potencia &amp; m\u00e1s tracci\u00f3n.<\/li>\n<li>El forjado elimina los puntos calientes presentes en las culatas de fundici\u00f3n.<\/li>\n<li>Proporciona una mejor refrigeraci\u00f3n.<\/li>\n<\/ul>\n","protected":false},"excerpt":{"rendered":"<p>contienen buj\u00eda corta NGK: BPMR6A y juntas t\u00f3ricas. Utiliza las mejores aleaciones disponibles para mejorar la potencia &amp; m\u00e1s tracci\u00f3n. El forjado elimina los puntos calientes presentes en las culatas de fundici\u00f3n. Proporciona una mejor refrigeraci\u00f3n.<\/p>\n","protected":false},"featured_media":12825,"template":"","meta":{"_et_pb_use_builder":"","_et_pb_old_content":"","_et_gb_content_width":""},"product_cat":[795],"product_tag":[],"_links":{"self":[{"href":"https:\/\/difrenos.com\/index.php\/wp-json\/wp\/v2\/product\/12824"}],"collection":[{"href":"https:\/\/difrenos.com\/index.php\/wp-json\/wp\/v2\/product"}],"about":[{"href":"https:\/\/difrenos.com\/index.php\/wp-json\/wp\/v2\/types\/product"}],"wp:featuredmedia":[{"embeddable":true,"href":"https:\/\/difrenos.com\/index.php\/wp-json\/wp\/v2\/media\/12825"}],"wp:attachment":[{"href":"https:\/\/difrenos.com\/index.php\/wp-json\/wp\/v2\/media?parent=12824"}],"wp:term":[{"taxonomy":"product_cat","embeddable":true,"href":"https:\/\/difrenos.com\/index.php\/wp-json\/wp\/v2\/product_cat?post=12824"},{"taxonomy":"product_tag","embeddable":true,"href":"https:\/\/difrenos.com\/index.php\/wp-json\/wp\/v2\/product_tag?post=12824"}],"curies":[{"name":"wp","href":"https:\/\/api.w.org\/{rel}","templated":true}]}}