{"id":12794,"date":"2024-09-18T15:41:37","date_gmt":"2024-09-18T15:41:37","guid":{"rendered":"https:\/\/difrenos.com\/?post_type=product&#038;p=12794"},"modified":"2026-03-12T14:01:56","modified_gmt":"2026-03-12T14:01:56","slug":"protector-de-manillar-husqvarna","status":"publish","type":"product","link":"https:\/\/difrenos.com\/index.php\/producto\/protector-de-manillar-husqvarna\/","title":{"rendered":"PROTECTOR DE MANILLAR HUSQVARNA"},"content":{"rendered":"<p>Ya es obligatorio en muchas competiciones. Ofrece una protecci\u00f3n \u00f3ptima. Aspecto est\u00e9tico destacado. Con el soporte integrado de tabla de tiempos, los tendr\u00e1s siempre a la vista.Un bolsillo adicional te permite guardar objetos peque\u00f1os.Se puede usar tambi\u00e9n en combinaci\u00f3n con el anclaje de manillar del PHDS.<\/p>\n<p>&nbsp;<\/p>\n","protected":false},"excerpt":{"rendered":"<p>Ya es obligatorio en muchas competiciones. Ofrece una protecci\u00f3n \u00f3ptima. Aspecto est\u00e9tico destacado. Con el soporte integrado de tabla de tiempos, los tendr\u00e1s siempre a la vista.Un bolsillo adicional te permite guardar objetos peque\u00f1os.Se puede usar tambi\u00e9n en combinaci\u00f3n con el anclaje de manillar del PHDS. &nbsp;<\/p>\n","protected":false},"featured_media":12795,"template":"","meta":{"_et_pb_use_builder":"","_et_pb_old_content":"","_et_gb_content_width":""},"product_cat":[789],"product_tag":[],"_links":{"self":[{"href":"https:\/\/difrenos.com\/index.php\/wp-json\/wp\/v2\/product\/12794"}],"collection":[{"href":"https:\/\/difrenos.com\/index.php\/wp-json\/wp\/v2\/product"}],"about":[{"href":"https:\/\/difrenos.com\/index.php\/wp-json\/wp\/v2\/types\/product"}],"wp:featuredmedia":[{"embeddable":true,"href":"https:\/\/difrenos.com\/index.php\/wp-json\/wp\/v2\/media\/12795"}],"wp:attachment":[{"href":"https:\/\/difrenos.com\/index.php\/wp-json\/wp\/v2\/media?parent=12794"}],"wp:term":[{"taxonomy":"product_cat","embeddable":true,"href":"https:\/\/difrenos.com\/index.php\/wp-json\/wp\/v2\/product_cat?post=12794"},{"taxonomy":"product_tag","embeddable":true,"href":"https:\/\/difrenos.com\/index.php\/wp-json\/wp\/v2\/product_tag?post=12794"}],"curies":[{"name":"wp","href":"https:\/\/api.w.org\/{rel}","templated":true}]}}