{"id":12617,"date":"2024-09-12T16:48:11","date_gmt":"2024-09-12T16:48:11","guid":{"rendered":"https:\/\/difrenos.com\/?post_type=product&#038;p=12617"},"modified":"2026-03-17T13:33:28","modified_gmt":"2026-03-17T13:33:28","slug":"proteccion-del-motor-husqvarna","status":"publish","type":"product","link":"https:\/\/difrenos.com\/index.php\/producto\/proteccion-del-motor-husqvarna\/","title":{"rendered":"PROTECCION DEL MOTOR HUSQVARNA (80303991500)"},"content":{"rendered":"<p>El protector del motor de aluminio de Husqvarna ofrece la protecci\u00f3n m\u00e1s eficaz para el chasis y el motor:Abrazadera trasera de fijaci\u00f3n muy robusta. Fabricado en aluminio robusto y de gran resistencia con un grosor de 4 mm. Piezas laterales soldadas por dentro y por fuera. Extremadamente resistente y probado a conciencia para su uso en las condiciones m\u00e1s duras de traves\u00eda todoterreno. Ajuste preciso: especialmente desarrollado para modelos Husqvarna. Acabado de la mayor calidad. Montaje r\u00e1pido y sencillo<\/p>\n<p>HUSQVARNA TE 250\/300 \u00b415-\u00b416<\/p>\n","protected":false},"excerpt":{"rendered":"<p>El protector del motor de aluminio de Husqvarna ofrece la protecci\u00f3n m\u00e1s eficaz para el chasis y el motor:Abrazadera trasera de fijaci\u00f3n muy robusta. Fabricado en aluminio robusto y de gran resistencia con un grosor de 4 mm. Piezas laterales soldadas por dentro y por fuera. Extremadamente resistente y probado a conciencia para su uso [&hellip;]<\/p>\n","protected":false},"featured_media":12618,"template":"","meta":{"_et_pb_use_builder":"","_et_pb_old_content":"","_et_gb_content_width":""},"product_cat":[789],"product_tag":[],"_links":{"self":[{"href":"https:\/\/difrenos.com\/index.php\/wp-json\/wp\/v2\/product\/12617"}],"collection":[{"href":"https:\/\/difrenos.com\/index.php\/wp-json\/wp\/v2\/product"}],"about":[{"href":"https:\/\/difrenos.com\/index.php\/wp-json\/wp\/v2\/types\/product"}],"wp:featuredmedia":[{"embeddable":true,"href":"https:\/\/difrenos.com\/index.php\/wp-json\/wp\/v2\/media\/12618"}],"wp:attachment":[{"href":"https:\/\/difrenos.com\/index.php\/wp-json\/wp\/v2\/media?parent=12617"}],"wp:term":[{"taxonomy":"product_cat","embeddable":true,"href":"https:\/\/difrenos.com\/index.php\/wp-json\/wp\/v2\/product_cat?post=12617"},{"taxonomy":"product_tag","embeddable":true,"href":"https:\/\/difrenos.com\/index.php\/wp-json\/wp\/v2\/product_tag?post=12617"}],"curies":[{"name":"wp","href":"https:\/\/api.w.org\/{rel}","templated":true}]}}