{"id":12473,"date":"2024-09-10T09:23:48","date_gmt":"2024-09-10T09:23:48","guid":{"rendered":"https:\/\/difrenos.com\/?post_type=product&#038;p=12473"},"modified":"2026-03-12T11:55:13","modified_gmt":"2026-03-12T11:55:13","slug":"tapa-de-deposito-de-liquido-de-frenos-y-de-embrague-husqvarna","status":"publish","type":"product","link":"https:\/\/difrenos.com\/index.php\/producto\/tapa-de-deposito-de-liquido-de-frenos-y-de-embrague-husqvarna\/","title":{"rendered":"TAPA DE DEP\u00d3SITO DE L\u00cdQUIDO DE FRENOS Y DE EMBRAGUE HUSQVARNA(81313903000)"},"content":{"rendered":"<p>TAPA DE DEP\u00d3SITO DE L\u00cdQUIDO DE FRENOS Y DE EMBRAGUE HUSQVARNA. De aluminio de alta calidad, mecanizado. Superficie anodizada de aspecto elegante. Aspecto est\u00e9tico destacado. Adecuado para todos los dep\u00f3sito del l\u00edquido de freno o de embrague Brembo\u00ae.<\/p>\n<p>&nbsp;<\/p>\n","protected":false},"excerpt":{"rendered":"<p>TAPA DE DEP\u00d3SITO DE L\u00cdQUIDO DE FRENOS Y DE EMBRAGUE HUSQVARNA. De aluminio de alta calidad, mecanizado. Superficie anodizada de aspecto elegante. Aspecto est\u00e9tico destacado. Adecuado para todos los dep\u00f3sito del l\u00edquido de freno o de embrague Brembo\u00ae. &nbsp;<\/p>\n","protected":false},"featured_media":12474,"template":"","meta":{"_et_pb_use_builder":"","_et_pb_old_content":"","_et_gb_content_width":""},"product_cat":[763,170],"product_tag":[],"_links":{"self":[{"href":"https:\/\/difrenos.com\/index.php\/wp-json\/wp\/v2\/product\/12473"}],"collection":[{"href":"https:\/\/difrenos.com\/index.php\/wp-json\/wp\/v2\/product"}],"about":[{"href":"https:\/\/difrenos.com\/index.php\/wp-json\/wp\/v2\/types\/product"}],"wp:featuredmedia":[{"embeddable":true,"href":"https:\/\/difrenos.com\/index.php\/wp-json\/wp\/v2\/media\/12474"}],"wp:attachment":[{"href":"https:\/\/difrenos.com\/index.php\/wp-json\/wp\/v2\/media?parent=12473"}],"wp:term":[{"taxonomy":"product_cat","embeddable":true,"href":"https:\/\/difrenos.com\/index.php\/wp-json\/wp\/v2\/product_cat?post=12473"},{"taxonomy":"product_tag","embeddable":true,"href":"https:\/\/difrenos.com\/index.php\/wp-json\/wp\/v2\/product_tag?post=12473"}],"curies":[{"name":"wp","href":"https:\/\/api.w.org\/{rel}","templated":true}]}}