{"id":12431,"date":"2024-09-09T15:56:52","date_gmt":"2024-09-09T15:56:52","guid":{"rendered":"https:\/\/difrenos.com\/?post_type=product&#038;p=12431"},"modified":"2026-03-24T13:04:55","modified_gmt":"2026-03-24T13:04:55","slug":"rejilla-de-proteccion-del-motor","status":"publish","type":"product","link":"https:\/\/difrenos.com\/index.php\/producto\/rejilla-de-proteccion-del-motor\/","title":{"rendered":"REJILLA DE PROTECCI\u00d3N DEL MOTOR HUSQVARNA NORDEN 901 (63503991044)"},"content":{"rendered":"<p>REJILLA DE PROTECCI\u00d3N DEL MOTOR HUSQVARNA NORDEN 901. Protecci\u00f3n para el colector. Protecci\u00f3n contra el sobrecalentamiento r\u00e1pido del motor en condiciones de barro. Ampliaci\u00f3n de la protecci\u00f3n de motor. Cierra la abertura entre la protecci\u00f3n de motor y la protecci\u00f3n de radiador.<\/p>\n","protected":false},"excerpt":{"rendered":"<p>REJILLA DE PROTECCI\u00d3N DEL MOTOR HUSQVARNA NORDEN 901. Protecci\u00f3n para el colector. Protecci\u00f3n contra el sobrecalentamiento r\u00e1pido del motor en condiciones de barro. Ampliaci\u00f3n de la protecci\u00f3n de motor. Cierra la abertura entre la protecci\u00f3n de motor y la protecci\u00f3n de radiador.<\/p>\n","protected":false},"featured_media":12432,"template":"","meta":{"_et_pb_use_builder":"","_et_pb_old_content":"","_et_gb_content_width":""},"product_cat":[789],"product_tag":[],"_links":{"self":[{"href":"https:\/\/difrenos.com\/index.php\/wp-json\/wp\/v2\/product\/12431"}],"collection":[{"href":"https:\/\/difrenos.com\/index.php\/wp-json\/wp\/v2\/product"}],"about":[{"href":"https:\/\/difrenos.com\/index.php\/wp-json\/wp\/v2\/types\/product"}],"wp:featuredmedia":[{"embeddable":true,"href":"https:\/\/difrenos.com\/index.php\/wp-json\/wp\/v2\/media\/12432"}],"wp:attachment":[{"href":"https:\/\/difrenos.com\/index.php\/wp-json\/wp\/v2\/media?parent=12431"}],"wp:term":[{"taxonomy":"product_cat","embeddable":true,"href":"https:\/\/difrenos.com\/index.php\/wp-json\/wp\/v2\/product_cat?post=12431"},{"taxonomy":"product_tag","embeddable":true,"href":"https:\/\/difrenos.com\/index.php\/wp-json\/wp\/v2\/product_tag?post=12431"}],"curies":[{"name":"wp","href":"https:\/\/api.w.org\/{rel}","templated":true}]}}