{"id":12386,"date":"2024-09-09T12:14:24","date_gmt":"2024-09-09T12:14:24","guid":{"rendered":"https:\/\/difrenos.com\/?post_type=product&#038;p=12386"},"modified":"2026-03-19T14:13:02","modified_gmt":"2026-03-19T14:13:02","slug":"kit-suspension-rebajada-norden-901","status":"publish","type":"product","link":"https:\/\/difrenos.com\/index.php\/producto\/kit-suspension-rebajada-norden-901\/","title":{"rendered":"KIT SUSPENSION REBAJADA NORDEN 901"},"content":{"rendered":"<p>Kit de suspensiones rebajadas HUSQVARNA NORDEN 901. Sin restricciones en la din\u00e1mica de conducci\u00f3n. Desarrollado conjuntamente con el veh\u00edculo. Altura del asiento 22 mm m\u00e1s baja<\/p>\n","protected":false},"excerpt":{"rendered":"<p>Kit de suspensiones rebajadas HUSQVARNA NORDEN 901. Sin restricciones en la din\u00e1mica de conducci\u00f3n. Desarrollado conjuntamente con el veh\u00edculo. Altura del asiento 22 mm m\u00e1s baja<\/p>\n","protected":false},"featured_media":12385,"template":"","meta":{"_et_pb_use_builder":"","_et_pb_old_content":"","_et_gb_content_width":""},"product_cat":[790],"product_tag":[],"_links":{"self":[{"href":"https:\/\/difrenos.com\/index.php\/wp-json\/wp\/v2\/product\/12386"}],"collection":[{"href":"https:\/\/difrenos.com\/index.php\/wp-json\/wp\/v2\/product"}],"about":[{"href":"https:\/\/difrenos.com\/index.php\/wp-json\/wp\/v2\/types\/product"}],"wp:featuredmedia":[{"embeddable":true,"href":"https:\/\/difrenos.com\/index.php\/wp-json\/wp\/v2\/media\/12385"}],"wp:attachment":[{"href":"https:\/\/difrenos.com\/index.php\/wp-json\/wp\/v2\/media?parent=12386"}],"wp:term":[{"taxonomy":"product_cat","embeddable":true,"href":"https:\/\/difrenos.com\/index.php\/wp-json\/wp\/v2\/product_cat?post=12386"},{"taxonomy":"product_tag","embeddable":true,"href":"https:\/\/difrenos.com\/index.php\/wp-json\/wp\/v2\/product_tag?post=12386"}],"curies":[{"name":"wp","href":"https:\/\/api.w.org\/{rel}","templated":true}]}}