{"id":12376,"date":"2024-09-09T12:00:14","date_gmt":"2024-09-09T12:00:14","guid":{"rendered":"https:\/\/difrenos.com\/?post_type=product&#038;p=12376"},"modified":"2026-03-20T12:13:24","modified_gmt":"2026-03-20T12:13:24","slug":"soporte-matricula-gas-gas-700","status":"publish","type":"product","link":"https:\/\/difrenos.com\/index.php\/producto\/soporte-matricula-gas-gas-700\/","title":{"rendered":"SOPORTE MATRICULA GAS GAS 700"},"content":{"rendered":"<p>Soporte de matricula GAS GAS 700\u00a0 Enduro y Supermotard del 2022 al 2024. Soporte de matr\u00edcula m\u00e1s corto. Proporciona el protagonismo perfecto a la esbelta secci\u00f3n trasera. Aspecto est\u00e9tico destacado. Integrado perfectamente en la motocicleta. No homologado.<\/p>\n","protected":false},"excerpt":{"rendered":"<p>Soporte de matricula GAS GAS 700\u00a0 Enduro y Supermotard del 2022 al 2024. Soporte de matr\u00edcula m\u00e1s corto. Proporciona el protagonismo perfecto a la esbelta secci\u00f3n trasera. Aspecto est\u00e9tico destacado. Integrado perfectamente en la motocicleta. No homologado.<\/p>\n","protected":false},"featured_media":12377,"template":"","meta":{"_et_pb_use_builder":"","_et_pb_old_content":"","_et_gb_content_width":""},"product_cat":[788],"product_tag":[],"_links":{"self":[{"href":"https:\/\/difrenos.com\/index.php\/wp-json\/wp\/v2\/product\/12376"}],"collection":[{"href":"https:\/\/difrenos.com\/index.php\/wp-json\/wp\/v2\/product"}],"about":[{"href":"https:\/\/difrenos.com\/index.php\/wp-json\/wp\/v2\/types\/product"}],"wp:featuredmedia":[{"embeddable":true,"href":"https:\/\/difrenos.com\/index.php\/wp-json\/wp\/v2\/media\/12377"}],"wp:attachment":[{"href":"https:\/\/difrenos.com\/index.php\/wp-json\/wp\/v2\/media?parent=12376"}],"wp:term":[{"taxonomy":"product_cat","embeddable":true,"href":"https:\/\/difrenos.com\/index.php\/wp-json\/wp\/v2\/product_cat?post=12376"},{"taxonomy":"product_tag","embeddable":true,"href":"https:\/\/difrenos.com\/index.php\/wp-json\/wp\/v2\/product_tag?post=12376"}],"curies":[{"name":"wp","href":"https:\/\/api.w.org\/{rel}","templated":true}]}}