{"id":12364,"date":"2024-09-09T11:36:55","date_gmt":"2024-09-09T11:36:55","guid":{"rendered":"https:\/\/difrenos.com\/?post_type=product&#038;p=12364"},"modified":"2026-03-17T12:38:26","modified_gmt":"2026-03-17T12:38:26","slug":"protector-faro-svartpilen","status":"publish","type":"product","link":"https:\/\/difrenos.com\/index.php\/producto\/protector-faro-svartpilen\/","title":{"rendered":"PROTECTOR FARO SVARTPILEN"},"content":{"rendered":"<p>Protector faro delantero de HUSQVARNA SVARTPILEN hasta 2023. Protecci\u00f3n de faro eficaz. Aspecto est\u00e9tico destacado. Se integran a la perfecci\u00f3n en el dise\u00f1o del veh\u00edculo<\/p>\n","protected":false},"excerpt":{"rendered":"<p>Protector faro delantero de HUSQVARNA SVARTPILEN hasta 2023. Protecci\u00f3n de faro eficaz. Aspecto est\u00e9tico destacado. Se integran a la perfecci\u00f3n en el dise\u00f1o del veh\u00edculo<\/p>\n","protected":false},"featured_media":12365,"template":"","meta":{"_et_pb_use_builder":"","_et_pb_old_content":"","_et_gb_content_width":""},"product_cat":[789],"product_tag":[],"_links":{"self":[{"href":"https:\/\/difrenos.com\/index.php\/wp-json\/wp\/v2\/product\/12364"}],"collection":[{"href":"https:\/\/difrenos.com\/index.php\/wp-json\/wp\/v2\/product"}],"about":[{"href":"https:\/\/difrenos.com\/index.php\/wp-json\/wp\/v2\/types\/product"}],"wp:featuredmedia":[{"embeddable":true,"href":"https:\/\/difrenos.com\/index.php\/wp-json\/wp\/v2\/media\/12365"}],"wp:attachment":[{"href":"https:\/\/difrenos.com\/index.php\/wp-json\/wp\/v2\/media?parent=12364"}],"wp:term":[{"taxonomy":"product_cat","embeddable":true,"href":"https:\/\/difrenos.com\/index.php\/wp-json\/wp\/v2\/product_cat?post=12364"},{"taxonomy":"product_tag","embeddable":true,"href":"https:\/\/difrenos.com\/index.php\/wp-json\/wp\/v2\/product_tag?post=12364"}],"curies":[{"name":"wp","href":"https:\/\/api.w.org\/{rel}","templated":true}]}}

<p>Protector faro delantero de HUSQVARNA SVARTPILEN hasta 2023. Protección de faro eficaz. Aspecto estético destacado. Se integran a la perfección en el diseño del vehículo</p>
