{"id":12362,"date":"2024-09-09T09:30:49","date_gmt":"2024-09-09T09:30:49","guid":{"rendered":"https:\/\/difrenos.com\/?post_type=product&#038;p=12362"},"modified":"2026-04-06T09:01:38","modified_gmt":"2026-04-06T09:01:38","slug":"bolsa-sobredeposito-svartpilen","status":"publish","type":"product","link":"https:\/\/difrenos.com\/index.php\/producto\/bolsa-sobredeposito-svartpilen\/","title":{"rendered":"BOLSA SOBREDEPOSITO SVARTPILEN"},"content":{"rendered":"<p>Bolsa sobredeposito Husqvarna Svartpilen 401 2018-2019. Material impermeable. Costuras soldadas. Cremallera recubierta de PVC. Cubierta de protecci\u00f3n contra la lluvia. Correa de transporte ajustable. Fondo reforzado con imanes. Placa adaptadora con material de sujeci\u00f3n. No se monta con el armaz\u00f3n del dep\u00f3sito.<\/p>\n","protected":false},"excerpt":{"rendered":"<p>Bolsa sobredeposito Husqvarna Svartpilen 401 2018-2019. Material impermeable. Costuras soldadas. Cremallera recubierta de PVC. Cubierta de protecci\u00f3n contra la lluvia. Correa de transporte ajustable. Fondo reforzado con imanes. Placa adaptadora con material de sujeci\u00f3n. No se monta con el armaz\u00f3n del dep\u00f3sito.<\/p>\n","protected":false},"featured_media":12363,"template":"","meta":{"_et_pb_use_builder":"","_et_pb_old_content":"","_et_gb_content_width":""},"product_cat":[217],"product_tag":[],"_links":{"self":[{"href":"https:\/\/difrenos.com\/index.php\/wp-json\/wp\/v2\/product\/12362"}],"collection":[{"href":"https:\/\/difrenos.com\/index.php\/wp-json\/wp\/v2\/product"}],"about":[{"href":"https:\/\/difrenos.com\/index.php\/wp-json\/wp\/v2\/types\/product"}],"wp:featuredmedia":[{"embeddable":true,"href":"https:\/\/difrenos.com\/index.php\/wp-json\/wp\/v2\/media\/12363"}],"wp:attachment":[{"href":"https:\/\/difrenos.com\/index.php\/wp-json\/wp\/v2\/media?parent=12362"}],"wp:term":[{"taxonomy":"product_cat","embeddable":true,"href":"https:\/\/difrenos.com\/index.php\/wp-json\/wp\/v2\/product_cat?post=12362"},{"taxonomy":"product_tag","embeddable":true,"href":"https:\/\/difrenos.com\/index.php\/wp-json\/wp\/v2\/product_tag?post=12362"}],"curies":[{"name":"wp","href":"https:\/\/api.w.org\/{rel}","templated":true}]}}