{"id":12303,"date":"2024-09-04T21:52:25","date_gmt":"2024-09-04T21:52:25","guid":{"rendered":"https:\/\/difrenos.com\/?post_type=product&#038;p=12303"},"modified":"2026-03-18T23:56:31","modified_gmt":"2026-03-18T23:56:31","slug":"gas-gas-txt-pro-2003-matriculada","status":"publish","type":"product","link":"https:\/\/difrenos.com\/index.php\/producto\/gas-gas-txt-pro-2003-matriculada\/","title":{"rendered":"GAS GAS TXT PRO 2003 MATRICULADA"},"content":{"rendered":"<p>La moto se entrega revisada, va muy bien de mec\u00e1nica.<br \/>\nEsta matriculada.<br \/>\nPosibilidad de coger moto a cambio.<br \/>\nDisponemos de servicio de transporte.<br \/>\nCualquier informaci\u00f3n que pueda necesitar ll\u00e1mame al 659968466<\/p>\n","protected":false},"excerpt":{"rendered":"<p>La moto se entrega revisada, va muy bien de mec\u00e1nica. Esta matriculada. Posibilidad de coger moto a cambio. Disponemos de servicio de transporte. Cualquier informaci\u00f3n que pueda necesitar ll\u00e1mame al 659968466<\/p>\n","protected":false},"featured_media":24342,"template":"","meta":{"_et_pb_use_builder":"","_et_pb_old_content":"","_et_gb_content_width":""},"product_cat":[129,133,205],"product_tag":[],"_links":{"self":[{"href":"https:\/\/difrenos.com\/index.php\/wp-json\/wp\/v2\/product\/12303"}],"collection":[{"href":"https:\/\/difrenos.com\/index.php\/wp-json\/wp\/v2\/product"}],"about":[{"href":"https:\/\/difrenos.com\/index.php\/wp-json\/wp\/v2\/types\/product"}],"wp:featuredmedia":[{"embeddable":true,"href":"https:\/\/difrenos.com\/index.php\/wp-json\/wp\/v2\/media\/24342"}],"wp:attachment":[{"href":"https:\/\/difrenos.com\/index.php\/wp-json\/wp\/v2\/media?parent=12303"}],"wp:term":[{"taxonomy":"product_cat","embeddable":true,"href":"https:\/\/difrenos.com\/index.php\/wp-json\/wp\/v2\/product_cat?post=12303"},{"taxonomy":"product_tag","embeddable":true,"href":"https:\/\/difrenos.com\/index.php\/wp-json\/wp\/v2\/product_tag?post=12303"}],"curies":[{"name":"wp","href":"https:\/\/api.w.org\/{rel}","templated":true}]}}