{"id":12181,"date":"2024-07-24T13:27:43","date_gmt":"2024-07-24T13:27:43","guid":{"rendered":"https:\/\/difrenos.com\/?post_type=product&#038;p=12181"},"modified":"2026-03-11T18:08:39","modified_gmt":"2026-03-11T18:08:39","slug":"oxford-aqua-dryphone","status":"publish","type":"product","link":"https:\/\/difrenos.com\/index.php\/producto\/oxford-aqua-dryphone\/","title":{"rendered":"Funda M\u00f3vil Oxford Dryphone"},"content":{"rendered":"<p><strong>Oxford Aqua Dryphone.\u00a0<\/strong>Funda impermeable para smartphones con soporte para motocicletas y bicicletas con manillares tubulares. La parte frontal transparente protege el tel\u00e9fono y permite el uso de la pantalla t\u00e1ctil.<\/p>\n<p><strong>Incluye:<\/strong><\/p>\n<ul class=\"squareUl\">\n<li type=\"\">Soporte de \u00e1ngulo ajustable.<\/li>\n<li type=\"\">Soporte grande para manillares de 31,8 mm (1 1\/2&#8243;).<\/li>\n<li type=\"\">Soporte peque\u00f1o para manillares de 22,2 mm (7\/8&#8243;).<\/li>\n<li type=\"\">Protector de manillar.<\/li>\n<li type=\"\">Lanyard desmontable.<\/li>\n<li type=\"\">Gu\u00eda de instalaci\u00f3n.<\/li>\n<\/ul>\n","protected":false},"excerpt":{"rendered":"<p>Oxford Aqua Dryphone.\u00a0Funda impermeable para smartphones con soporte para motocicletas y bicicletas con manillares tubulares. La parte frontal transparente protege el tel\u00e9fono y permite el uso de la pantalla t\u00e1ctil. Incluye: Soporte de \u00e1ngulo ajustable. Soporte grande para manillares de 31,8 mm (1 1\/2&#8243;). Soporte peque\u00f1o para manillares de 22,2 mm (7\/8&#8243;). Protector de manillar. [&hellip;]<\/p>\n","protected":false},"featured_media":12182,"template":"","meta":{"_et_pb_use_builder":"","_et_pb_old_content":"","_et_gb_content_width":""},"product_cat":[215,33],"product_tag":[885],"_links":{"self":[{"href":"https:\/\/difrenos.com\/index.php\/wp-json\/wp\/v2\/product\/12181"}],"collection":[{"href":"https:\/\/difrenos.com\/index.php\/wp-json\/wp\/v2\/product"}],"about":[{"href":"https:\/\/difrenos.com\/index.php\/wp-json\/wp\/v2\/types\/product"}],"wp:featuredmedia":[{"embeddable":true,"href":"https:\/\/difrenos.com\/index.php\/wp-json\/wp\/v2\/media\/12182"}],"wp:attachment":[{"href":"https:\/\/difrenos.com\/index.php\/wp-json\/wp\/v2\/media?parent=12181"}],"wp:term":[{"taxonomy":"product_cat","embeddable":true,"href":"https:\/\/difrenos.com\/index.php\/wp-json\/wp\/v2\/product_cat?post=12181"},{"taxonomy":"product_tag","embeddable":true,"href":"https:\/\/difrenos.com\/index.php\/wp-json\/wp\/v2\/product_tag?post=12181"}],"curies":[{"name":"wp","href":"https:\/\/api.w.org\/{rel}","templated":true}]}}