{"id":12027,"date":"2024-07-08T09:39:30","date_gmt":"2024-07-08T09:39:30","guid":{"rendered":"https:\/\/difrenos.com\/?post_type=product&#038;p=12027"},"modified":"2026-04-13T11:24:04","modified_gmt":"2026-04-13T11:24:04","slug":"husqvarna-fc-250-2025","status":"publish","type":"product","link":"https:\/\/difrenos.com\/index.php\/producto\/husqvarna-fc-250-2025\/","title":{"rendered":"HUSQVARNA FC 250 2025"},"content":{"rendered":"<p>Ampliamente elogiada como la 250 cc de 4 tiempos con mejores prestaciones del mercado, la FC 250 mantiene su posici\u00f3n en cabeza. Un motor compacto y potente se aloja en el interior de un chasis actualizado de cromo molibdeno que es m\u00e1s ligero y ofrece una flexi\u00f3n mejorada del chasis. Las actualizaciones de las suspensiones WP y del sistema de bieletas del amortiguador trasero garantizan que la extraordinaria agilidad de la FC 250 mejore a\u00fan m\u00e1s para 2025. Su nueva carrocer\u00eda ofrece una ergonom\u00eda refinada para un movimiento y control sin esfuerzo, con llamativos gr\u00e1ficos en blanco y azul aplicados mediante tecnolog\u00eda en molde para un acabado excepcional y duradero.<\/p>\n<p>&nbsp;<\/p>\n<p><img src=\"https:\/\/cdn.shopify.com\/s\/files\/1\/0542\/6878\/8907\/files\/PHO_BIKE_DET_HQV-23-FC-250-Engine__SALL__AEPI__V2_480x480.png?v=1652976413\" alt=\"\" \/><\/p>\n<p><strong>MOTOR<\/strong><\/p>\n<p>Dise\u00f1ados para garantizar un rendimiento y caracter\u00edsticas de manejo l\u00edderes en su categor\u00eda, todos los componentes principales del motor y los ejes han sido cuidadosamente ubicados cerca del centro de gravedad de la moto para reducir los efectos de las inercias de las masas rodantes. El motor 4 tiempos de 250 cc y 47 CV tambi\u00e9n es considerablemente ligero y pesa poco m\u00e1s de 26 kg. El motor de la FC 250 sigue siendo extraordinariamente poderoso, con una mayor entrega de potencia y un par motor impresionante para adaptarse a pilotos de todos los niveles.<\/p>\n<p><img src=\"https:\/\/cdn.shopify.com\/s\/files\/1\/0542\/6878\/8907\/files\/PHO_BIKE_DET_FC-250-2025-frame__SALL__AEPI__V1.jpg?v=1717006003\" alt=\"\" \/><\/p>\n<p><strong>CHASIS DE PESO LIGERO<\/strong><\/p>\n<p>Para 2025, la zona del chasis que rodea el soporte del amortiguador y la columna de direcci\u00f3n tiene menos material, con un grosor de paredes revisado en las zonas de mayor tensi\u00f3n que mejora la resistencia general. Juntos, estos cambios reducen el peso del chasis en 300 g para un paso por curva, una inigualable respuesta de pilotaje y una absorci\u00f3n de energ\u00eda mejoradas. Unos nuevos soportes del motor recortados mejoran las caracter\u00edsticas de flexi\u00f3n del chasis, reducen el peso y contribuyen a una fiable estabilidad. El chasis est\u00e1 acabado con un recubrimiento de pintura al polvo en azul metalizado de primera calidad, con unos protectores de chasis que ofrecen una protecci\u00f3n, durabilidad y agarre superiores en cualquier condici\u00f3n.<\/p>\n<p><img src=\"https:\/\/cdn.shopify.com\/s\/files\/1\/0542\/6878\/8907\/files\/PHO_BIKE_DET_HQV-23-FC-250-Clutch__SALL__AEPI__V2_480x480.png?v=1652976619\" alt=\"\" \/><\/p>\n<p><strong>EMBRAGUE DDS<\/strong><\/p>\n<p>La FC 250 equipa un fiable embrague de diafragma de acero (DS). La campana de embrague, fabricada a partir de una sola pieza de acero mecanizado permite el uso de finos discos de acero que contribuyen al compacto dise\u00f1o general del motor. Para subrayar lo fuerte y duradero que es el embrague, se utilizan los mismos componentes en la mucho m\u00e1s potente FC 450.<br \/>\n<img src=\"https:\/\/cdn.shopify.com\/s\/files\/1\/0542\/6878\/8907\/files\/PHO_BIKE_DET_FC-250-2025-front-fork__SALL__AEPI__V1.jpg?v=1717006059\" alt=\"\" \/><\/p>\n<p><strong>SUSPENSI\u00d3N DELANTERA WP XACT<\/strong><\/p>\n<p>La horquilla WP XACT de 48 mm se ha revisado en 2025 para que funcione con el nuevo chasis, reduciendo el peso y proporcionando al mismo tiempo m\u00e1s flexibilidad. Dise\u00f1ada como un sistema de cartucho cerrado, la horquilla cuenta con un muelle neum\u00e1tico ajustable y encapsulado y una c\u00e1mara de aceite presurizado para una acci\u00f3n suave y una amortiguaci\u00f3n consistente. Los conductos paralelos de aceite y aire reducen los picos de presi\u00f3n y, en combinaci\u00f3n con un sistema de amortiguaci\u00f3n de v\u00e1lvula central, junto con un tope hidr\u00e1ulico que aplica una fuerza de amortiguaci\u00f3n progresiva en los \u00faltimos 40 mm de recorrido, la horquilla proporciona una respuesta precisa al piloto. Los ajustes son f\u00e1ciles de realizar a trav\u00e9s de la v\u00e1lvula \u00fanica de precarga de aire, as\u00ed como a trav\u00e9s de unos mandos de ajuste mediante clics de f\u00e1cil acceso para la compresi\u00f3n y la extensi\u00f3n. Con cada m\u00e1quina se suministra una bomba para ajustar la presi\u00f3n del muelle neum\u00e1tico.<\/p>\n<p><img src=\"https:\/\/cdn.shopify.com\/s\/files\/1\/0542\/6878\/8907\/files\/PHO_BIKE_DET_TC-125-2025-brakes__SALL__AEPI__V2_3a9effd1-8845-4737-a5d4-1672bb3f267d.jpg?v=1717006121\" alt=\"\" \/><\/p>\n<p><strong>FRENOS HIDR\u00c1ULICOS<\/strong><\/p>\n<p>El m\u00e1s alto nivel de calidad est\u00e1 garantizado con las pinzas Brembo, l\u00edderes en su clase, fabricadas en una sola pieza de aluminio para conseguir la mayor resistencia con el menor peso posible. Junto con un disco delantero de 260 mm y un disco trasero de 220 mm que permiten una mejor eliminaci\u00f3n del barro, la potencia de frenado superior y la confianza en la frenada est\u00e1n garantizadas en todas las condiciones. Para 2025, un nuevo pedal de freno trasero m\u00e1s resistente ofrece una mayor durabilidad para un rendimiento de frenado constante.<\/p>\n<p><img src=\"https:\/\/cdn.shopify.com\/s\/files\/1\/0542\/6878\/8907\/files\/PHO_BIKE_DET_FC-MY24-odi-grips__SALL__AEPI__V1_5ab43b4e-32ed-4c35-ba3e-73e42b5a8490.png?v=1717006171\" alt=\"\" \/><\/p>\n<p><strong>PU\u00d1OS ODI<\/strong><\/p>\n<p>Los pu\u00f1os ODI lock incorporan un innovador mecanismo de acelerador integrado y se instalan sin utilizar pegamento. El conjunto del acelerador ofrece un f\u00e1cil ajuste de la tolerancia con la opci\u00f3n de instalar levas alternativas para una respuesta de aceleraci\u00f3n personalizada.<\/p>\n<p><img src=\"https:\/\/cdn.shopify.com\/s\/files\/1\/0542\/6878\/8907\/files\/PHO_BIKE_DET_FC-250-2025-exhaust__SALL__AEPI__V1.jpg?v=1717006217\" alt=\"\" \/><\/p>\n<p><strong>SISTEMA DE ESCAPE<\/strong><\/p>\n<p>Fabricado en aluminio ligero, el sistema de escape de la FC 250 incorpora una nueva c\u00e1mara de resonancia de dise\u00f1o de flujo integrada en el colector. El silenciador presenta un dise\u00f1o corto y compacto, ofreciendo una potencia impresionante con un nivel de decibelios lo m\u00e1s bajo posible. El acabado en negro resalta la alta calidad del silenciador.<\/p>\n<p><img src=\"https:\/\/cdn.shopify.com\/s\/files\/1\/0542\/6878\/8907\/files\/PHO_BIKE_DET_MY25-FC450-Motocross-05__SALL__AEPI__V1.jpg?v=1717006248\" alt=\"\" \/><\/p>\n","protected":false},"excerpt":{"rendered":"<p>OFERTA VALIDA HASTA 30\/12\/2025. Despues informate sobre la oferta actualizada<\/p>\n","protected":false},"featured_media":16572,"template":"","meta":{"_et_pb_use_builder":"","_et_pb_old_content":"","_et_gb_content_width":""},"product_cat":[467,324,328,129],"product_tag":[],"_links":{"self":[{"href":"https:\/\/difrenos.com\/index.php\/wp-json\/wp\/v2\/product\/12027"}],"collection":[{"href":"https:\/\/difrenos.com\/index.php\/wp-json\/wp\/v2\/product"}],"about":[{"href":"https:\/\/difrenos.com\/index.php\/wp-json\/wp\/v2\/types\/product"}],"wp:featuredmedia":[{"embeddable":true,"href":"https:\/\/difrenos.com\/index.php\/wp-json\/wp\/v2\/media\/16572"}],"wp:attachment":[{"href":"https:\/\/difrenos.com\/index.php\/wp-json\/wp\/v2\/media?parent=12027"}],"wp:term":[{"taxonomy":"product_cat","embeddable":true,"href":"https:\/\/difrenos.com\/index.php\/wp-json\/wp\/v2\/product_cat?post=12027"},{"taxonomy":"product_tag","embeddable":true,"href":"https:\/\/difrenos.com\/index.php\/wp-json\/wp\/v2\/product_tag?post=12027"}],"curies":[{"name":"wp","href":"https:\/\/api.w.org\/{rel}","templated":true}]}}

<p>Ampliamente elogiada como la 250 cc de 4 tiempos con mejores prestaciones del mercado, la FC 250 mantiene su posición en cabeza. Un motor compacto y potente se aloja en el interior de un chasis actualizado de cromo molibdeno que es más ligero y ofrece una flexión mejorada del chasis. Las actualizaciones de las suspensiones WP y del sistema de bieletas del amortiguador trasero garantizan que la extraordinaria agilidad de la FC 250 mejore aún más para 2025. Su nueva carrocería ofrece una ergonomía refinada para un movimiento y control sin esfuerzo, con llamativos gráficos en blanco y azul aplicados mediante tecnología en molde para un acabado excepcional y duradero.</p>
<p>&nbsp;</p>
<p><img src="https://cdn.shopify.com/s/files/1/0542/6878/8907/files/PHO_BIKE_DET_HQV-23-FC-250-Engine__SALL__AEPI__V2_480x480.png?v=1652976413" alt="" /></p>
<p><strong>MOTOR</strong></p>
<p>Diseñados para garantizar un rendimiento y características de manejo líderes en su categoría, todos los componentes principales del motor y los ejes han sido cuidadosamente ubicados cerca del centro de gravedad de la moto para reducir los efectos de las inercias de las masas rodantes. El motor 4 tiempos de 250 cc y 47 CV también es considerablemente ligero y pesa poco más de 26 kg. El motor de la FC 250 sigue siendo extraordinariamente poderoso, con una mayor entrega de potencia y un par motor impresionante para adaptarse a pilotos de todos los niveles.</p>
<p><img src="https://cdn.shopify.com/s/files/1/0542/6878/8907/files/PHO_BIKE_DET_FC-250-2025-frame__SALL__AEPI__V1.jpg?v=1717006003" alt="" /></p>
<p><strong>CHASIS DE PESO LIGERO</strong></p>
<p>Para 2025, la zona del chasis que rodea el soporte del amortiguador y la columna de dirección tiene menos material, con un grosor de paredes revisado en las zonas de mayor tensión que mejora la resistencia general. Juntos, estos cambios reducen el peso del chasis en 300 g para un paso por curva, una inigualable respuesta de pilotaje y una absorción de energía mejoradas. Unos nuevos soportes del motor recortados mejoran las características de flexión del chasis, reducen el peso y contribuyen a una fiable estabilidad. El chasis está acabado con un recubrimiento de pintura al polvo en azul metalizado de primera calidad, con unos protectores de chasis que ofrecen una protección, durabilidad y agarre superiores en cualquier condición.</p>
<p><img src="https://cdn.shopify.com/s/files/1/0542/6878/8907/files/PHO_BIKE_DET_HQV-23-FC-250-Clutch__SALL__AEPI__V2_480x480.png?v=1652976619" alt="" /></p>
<p><strong>EMBRAGUE DDS</strong></p>
<p>La FC 250 equipa un fiable embrague de diafragma de acero (DS). La campana de embrague, fabricada a partir de una sola pieza de acero mecanizado permite el uso de finos discos de acero que contribuyen al compacto diseño general del motor. Para subrayar lo fuerte y duradero que es el embrague, se utilizan los mismos componentes en la mucho más potente FC 450.<br />
<img src="https://cdn.shopify.com/s/files/1/0542/6878/8907/files/PHO_BIKE_DET_FC-250-2025-front-fork__SALL__AEPI__V1.jpg?v=1717006059" alt="" /></p>
<p><strong>SUSPENSIÓN DELANTERA WP XACT</strong></p>
<p>La horquilla WP XACT de 48 mm se ha revisado en 2025 para que funcione con el nuevo chasis, reduciendo el peso y proporcionando al mismo tiempo más flexibilidad. Diseñada como un sistema de cartucho cerrado, la horquilla cuenta con un muelle neumático ajustable y encapsulado y una cámara de aceite presurizado para una acción suave y una amortiguación consistente. Los conductos paralelos de aceite y aire reducen los picos de presión y, en combinación con un sistema de amortiguación de válvula central, junto con un tope hidráulico que aplica una fuerza de amortiguación progresiva en los últimos 40 mm de recorrido, la horquilla proporciona una respuesta precisa al piloto. Los ajustes son fáciles de realizar a través de la válvula única de precarga de aire, así como a través de unos mandos de ajuste mediante clics de fácil acceso para la compresión y la extensión. Con cada máquina se suministra una bomba para ajustar la presión del muelle neumático.</p>
<p><img src="https://cdn.shopify.com/s/files/1/0542/6878/8907/files/PHO_BIKE_DET_TC-125-2025-brakes__SALL__AEPI__V2_3a9effd1-8845-4737-a5d4-1672bb3f267d.jpg?v=1717006121" alt="" /></p>
<p><strong>FRENOS HIDRÁULICOS</strong></p>
<p>El más alto nivel de calidad está garantizado con las pinzas Brembo, líderes en su clase, fabricadas en una sola pieza de aluminio para conseguir la mayor resistencia con el menor peso posible. Junto con un disco delantero de 260 mm y un disco trasero de 220 mm que permiten una mejor eliminación del barro, la potencia de frenado superior y la confianza en la frenada están garantizadas en todas las condiciones. Para 2025, un nuevo pedal de freno trasero más resistente ofrece una mayor durabilidad para un rendimiento de frenado constante.</p>
<p><img src="https://cdn.shopify.com/s/files/1/0542/6878/8907/files/PHO_BIKE_DET_FC-MY24-odi-grips__SALL__AEPI__V1_5ab43b4e-32ed-4c35-ba3e-73e42b5a8490.png?v=1717006171" alt="" /></p>
<p><strong>PUÑOS ODI</strong></p>
<p>Los puños ODI lock incorporan un innovador mecanismo de acelerador integrado y se instalan sin utilizar pegamento. El conjunto del acelerador ofrece un fácil ajuste de la tolerancia con la opción de instalar levas alternativas para una respuesta de aceleración personalizada.</p>
<p><img src="https://cdn.shopify.com/s/files/1/0542/6878/8907/files/PHO_BIKE_DET_FC-250-2025-exhaust__SALL__AEPI__V1.jpg?v=1717006217" alt="" /></p>
<p><strong>SISTEMA DE ESCAPE</strong></p>
<p>Fabricado en aluminio ligero, el sistema de escape de la FC 250 incorpora una nueva cámara de resonancia de diseño de flujo integrada en el colector. El silenciador presenta un diseño corto y compacto, ofreciendo una potencia impresionante con un nivel de decibelios lo más bajo posible. El acabado en negro resalta la alta calidad del silenciador.</p>
<p><img src="https://cdn.shopify.com/s/files/1/0542/6878/8907/files/PHO_BIKE_DET_MY25-FC450-Motocross-05__SALL__AEPI__V1.jpg?v=1717006248" alt="" /></p>
