{"id":11424,"date":"2024-04-12T12:50:49","date_gmt":"2024-04-12T12:50:49","guid":{"rendered":"https:\/\/difrenos.com\/?post_type=product&#038;p=11424"},"modified":"2025-10-15T12:37:11","modified_gmt":"2025-10-15T12:37:11","slug":"botas-husqvarna-pursuit","status":"publish","type":"product","link":"https:\/\/difrenos.com\/index.php\/producto\/botas-husqvarna-pursuit\/","title":{"rendered":"Botas Husqvarna Pursuit"},"content":{"rendered":"<p>Referencia: 3HS200030608 Talla 41<\/p>\n<ul>\n<li>Tal\u00f3n y puntera termoconformados, cubierta de tobillo inyectada<\/li>\n<li>Tal\u00f3n y puntera reforzados, plantilla anat\u00f3mica, cubierta del tobillo anat\u00f3mica y leng\u00fceta con pliegue<\/li>\n<li>Hidr\u00f3fugo<\/li>\n<\/ul>\n","protected":false},"excerpt":{"rendered":"<p>\u00daltima unidad talla 41.<\/p>\n","protected":false},"featured_media":11426,"template":"","meta":{"_et_pb_use_builder":"","_et_pb_old_content":"","_et_gb_content_width":""},"product_cat":[221,776,33,34,228,701],"product_tag":[41,108,500,392],"_links":{"self":[{"href":"https:\/\/difrenos.com\/index.php\/wp-json\/wp\/v2\/product\/11424"}],"collection":[{"href":"https:\/\/difrenos.com\/index.php\/wp-json\/wp\/v2\/product"}],"about":[{"href":"https:\/\/difrenos.com\/index.php\/wp-json\/wp\/v2\/types\/product"}],"wp:featuredmedia":[{"embeddable":true,"href":"https:\/\/difrenos.com\/index.php\/wp-json\/wp\/v2\/media\/11426"}],"wp:attachment":[{"href":"https:\/\/difrenos.com\/index.php\/wp-json\/wp\/v2\/media?parent=11424"}],"wp:term":[{"taxonomy":"product_cat","embeddable":true,"href":"https:\/\/difrenos.com\/index.php\/wp-json\/wp\/v2\/product_cat?post=11424"},{"taxonomy":"product_tag","embeddable":true,"href":"https:\/\/difrenos.com\/index.php\/wp-json\/wp\/v2\/product_tag?post=11424"}],"curies":[{"name":"wp","href":"https:\/\/api.w.org\/{rel}","templated":true}]}}