{"id":10833,"date":"2024-03-01T13:21:01","date_gmt":"2024-03-01T13:21:01","guid":{"rendered":"https:\/\/difrenos.com\/?post_type=product&#038;p=10833"},"modified":"2025-10-14T10:44:14","modified_gmt":"2025-10-14T10:44:14","slug":"ktm-bike-protector-backpack-factory-character","status":"publish","type":"product","link":"https:\/\/difrenos.com\/index.php\/producto\/ktm-bike-protector-backpack-factory-character\/","title":{"rendered":"Mochila Ktm Bike Factory Character"},"content":{"rendered":"<pre id=\"tw-target-text\" class=\"tw-data-text tw-text-large tw-ta\" dir=\"ltr\" data-placeholder=\"Traducci\u00f3n\" data-ved=\"2ahUKEwjtk6mWlNOEAxXkiP0HHaSIDTMQ3ewLegQIDhAU\"><span class=\"Y2IQFc\" lang=\"es\">\u00a12 en 1! La mochila y el protector de espalda est\u00e1n conectados entre s\u00ed mediante una cremallera extra\u00edble.\r\n\r\nSi es necesario, puedes cerrar la cremallera de la mochila y utilizar el protector solo.\r\n\r\nMochila:\r\n\r\nVolumen: 25L\r\n\r\nMaterial de nailon duradero y resistente al agua.\r\n\r\nTuber\u00eda reflectante\r\n\r\nBolsillo frontal para chaqueta o casco\r\n\r\nBolsillo trasero con cremallera impermeable\r\n\r\nProtector de espalda\r\n\r\nMOCHILAS:\r\n\r\nAprobado CE seg\u00fan EN 1621-2\r\n\r\nNivel 2\r\n\r\nProtector de espalda multicapa fabricado con espuma adaptable de doble densidad Particularmente suave y flexible\r\n\r\nForma especialmente ergon\u00f3mica\r\n\r\nSe adapta perfectamente al contorno de la columna vertebral.\r\n\r\nZona de protecci\u00f3n continua desde el cuello hasta el coxis.\r\n\r\nExtremadamente ligero y transpirable\r\n\r\nconstrucci\u00f3n\r\n\r\nProtector de espalda desarrollado por Komperdell<\/span><\/pre>\n","protected":false},"excerpt":{"rendered":"<p>\u00a12 en 1! La mochila y el protector de espalda est\u00e1n conectados entre s\u00ed mediante una cremallera extra\u00edble. Si es necesario, puedes cerrar la cremallera de la mochila y utilizar el protector solo. Mochila: Volumen: 25L Material de nailon duradero y resistente al agua. Tuber\u00eda reflectante Bolsillo frontal para chaqueta o casco Bolsillo trasero con [&hellip;]<\/p>\n","protected":false},"featured_media":10834,"template":"","meta":{"_et_pb_use_builder":"","_et_pb_old_content":"","_et_gb_content_width":""},"product_cat":[292,220,33,273],"product_tag":[445,315,120],"_links":{"self":[{"href":"https:\/\/difrenos.com\/index.php\/wp-json\/wp\/v2\/product\/10833"}],"collection":[{"href":"https:\/\/difrenos.com\/index.php\/wp-json\/wp\/v2\/product"}],"about":[{"href":"https:\/\/difrenos.com\/index.php\/wp-json\/wp\/v2\/types\/product"}],"wp:featuredmedia":[{"embeddable":true,"href":"https:\/\/difrenos.com\/index.php\/wp-json\/wp\/v2\/media\/10834"}],"wp:attachment":[{"href":"https:\/\/difrenos.com\/index.php\/wp-json\/wp\/v2\/media?parent=10833"}],"wp:term":[{"taxonomy":"product_cat","embeddable":true,"href":"https:\/\/difrenos.com\/index.php\/wp-json\/wp\/v2\/product_cat?post=10833"},{"taxonomy":"product_tag","embeddable":true,"href":"https:\/\/difrenos.com\/index.php\/wp-json\/wp\/v2\/product_tag?post=10833"}],"curies":[{"name":"wp","href":"https:\/\/api.w.org\/{rel}","templated":true}]}}

<pre id="tw-target-text" class="tw-data-text tw-text-large tw-ta" dir="ltr" data-placeholder="Traducción" data-ved="2ahUKEwjtk6mWlNOEAxXkiP0HHaSIDTMQ3ewLegQIDhAU"><span class="Y2IQFc" lang="es">¡2 en 1! La mochila y el protector de espalda están conectados entre sí mediante una cremallera extraíble.

Si es necesario, puedes cerrar la cremallera de la mochila y utilizar el protector solo.

Mochila:

Volumen: 25L

Material de nailon duradero y resistente al agua.

Tubería reflectante

Bolsillo frontal para chaqueta o casco

Bolsillo trasero con cremallera impermeable

Protector de espalda

MOCHILAS:

Aprobado CE según EN 1621-2

Nivel 2

Protector de espalda multicapa fabricado con espuma adaptable de doble densidad Particularmente suave y flexible

Forma especialmente ergonómica

Se adapta perfectamente al contorno de la columna vertebral.

Zona de protección continua desde el cuello hasta el coxis.

Extremadamente ligero y transpirable

construcción

Protector de espalda desarrollado por Komperdell</span></pre>

<p>¡2 en 1! La mochila y el protector de espalda están conectados entre sí mediante una cremallera extraíble. Si es necesario, puedes cerrar la cremallera de la mochila y utilizar el protector solo. Mochila: Volumen: 25L Material de nailon duradero y resistente al agua. Tubería reflectante Bolsillo frontal para chaqueta o casco Bolsillo trasero con [&hellip;]</p>
