{"id":10792,"date":"2024-02-27T10:44:04","date_gmt":"2024-02-27T10:44:04","guid":{"rendered":"https:\/\/difrenos.com\/?post_type=product&#038;p=10792"},"modified":"2025-12-22T10:14:37","modified_gmt":"2025-12-22T10:14:37","slug":"kids-training-bike-eu-2024","status":"publish","type":"product","link":"https:\/\/difrenos.com\/index.php\/producto\/kids-training-bike-eu-2024\/","title":{"rendered":"Kids Training Bike Husqvarna"},"content":{"rendered":"<p>KIDS TRAINING BIKE<\/p>\n<div class=\"product-number\">\n<div>Referencia: 3HS240035300<\/div>\n<div>\n<p>El correpasillo\u00a0Husqvarna YP-1 2024 est\u00e1 equipada con unas ruedas que le otorgan una gran estabilidad para que la conducci\u00f3n de nuestro peque sea totalmente segura.<\/p>\n<ul>\n<li>Las ruedas del correpasillos Husqvarna, por su calidad, ayudan a desarrollar las habilidades motoras del ni\u00f1o.<\/li>\n<li>El dise\u00f1o ergon\u00f3mico del correpasillo est\u00e1 enfocado en que la conducci\u00f3n de los peques sea lo m\u00e1s c\u00f3moda posible, a perfeccionar el sentido del equilibrio y a acelerar su orientaci\u00f3n espacial.<\/li>\n<li><\/li>\n<\/ul>\n<\/div>\n<\/div>\n<div><\/div>\n","protected":false},"excerpt":{"rendered":"<p>KIDS TRAINING BIKE Referencia: 3HS240035300 El correpasillo\u00a0Husqvarna YP-1 2024 est\u00e1 equipada con unas ruedas que le otorgan una gran estabilidad para que la conducci\u00f3n de nuestro peque sea totalmente segura. Las ruedas del correpasillos Husqvarna, por su calidad, ayudan a desarrollar las habilidades motoras del ni\u00f1o. El dise\u00f1o ergon\u00f3mico del correpasillo est\u00e1 enfocado en que [&hellip;]<\/p>\n","protected":false},"featured_media":10793,"template":"","meta":{"_et_pb_use_builder":"","_et_pb_old_content":"","_et_gb_content_width":""},"product_cat":[324,107],"product_tag":[66,108],"_links":{"self":[{"href":"https:\/\/difrenos.com\/index.php\/wp-json\/wp\/v2\/product\/10792"}],"collection":[{"href":"https:\/\/difrenos.com\/index.php\/wp-json\/wp\/v2\/product"}],"about":[{"href":"https:\/\/difrenos.com\/index.php\/wp-json\/wp\/v2\/types\/product"}],"wp:featuredmedia":[{"embeddable":true,"href":"https:\/\/difrenos.com\/index.php\/wp-json\/wp\/v2\/media\/10793"}],"wp:attachment":[{"href":"https:\/\/difrenos.com\/index.php\/wp-json\/wp\/v2\/media?parent=10792"}],"wp:term":[{"taxonomy":"product_cat","embeddable":true,"href":"https:\/\/difrenos.com\/index.php\/wp-json\/wp\/v2\/product_cat?post=10792"},{"taxonomy":"product_tag","embeddable":true,"href":"https:\/\/difrenos.com\/index.php\/wp-json\/wp\/v2\/product_tag?post=10792"}],"curies":[{"name":"wp","href":"https:\/\/api.w.org\/{rel}","templated":true}]}}