{"id":10558,"date":"2024-02-15T11:03:44","date_gmt":"2024-02-15T11:03:44","guid":{"rendered":"https:\/\/difrenos.com\/?post_type=product&#038;p=10558"},"modified":"2026-01-27T12:51:55","modified_gmt":"2026-01-27T12:51:55","slug":"camiseta-gas-gas-offroad-2024","status":"publish","type":"product","link":"https:\/\/difrenos.com\/index.php\/producto\/camiseta-gas-gas-offroad-2024\/","title":{"rendered":"Camiseta Gas Gas Offroad"},"content":{"rendered":"<p>Referencias:<br \/>\n3GG240019902 Talla S<br \/>\n3GG240019903 Talla M<br \/>\n3GG240019904 Talla L<br \/>\n3GG240019905 Talla XL<br \/>\n3GG240019906 Talla XXL<\/p>\n<ul>\n<li>Camiseta offroad robusta<\/li>\n<li>Tejido de PE bien ventilado<\/li>\n<li>Mangas de corte ragl\u00e1n<\/li>\n<li>Estampados por sublimaci\u00f3n resistentes a rayos UV y al deste\u00f1ido<\/li>\n<li>100 % poli\u00e9ster<\/li>\n<\/ul>\n","protected":false},"excerpt":{"rendered":"<p>Referencias: 3GG240019902 Talla S 3GG240019903 Talla M 3GG240019904 Talla L 3GG240019905 Talla XL 3GG240019906 Talla XXL Camiseta offroad robusta Tejido de PE bien ventilado Mangas de corte ragl\u00e1n Estampados por sublimaci\u00f3n resistentes a rayos UV y al deste\u00f1ido 100 % poli\u00e9ster<\/p>\n","protected":false},"featured_media":10561,"template":"","meta":{"_et_pb_use_builder":"","_et_pb_old_content":"","_et_gb_content_width":""},"product_cat":[33,757,37,70,707],"product_tag":[85,142],"_links":{"self":[{"href":"https:\/\/difrenos.com\/index.php\/wp-json\/wp\/v2\/product\/10558"}],"collection":[{"href":"https:\/\/difrenos.com\/index.php\/wp-json\/wp\/v2\/product"}],"about":[{"href":"https:\/\/difrenos.com\/index.php\/wp-json\/wp\/v2\/types\/product"}],"wp:featuredmedia":[{"embeddable":true,"href":"https:\/\/difrenos.com\/index.php\/wp-json\/wp\/v2\/media\/10561"}],"wp:attachment":[{"href":"https:\/\/difrenos.com\/index.php\/wp-json\/wp\/v2\/media?parent=10558"}],"wp:term":[{"taxonomy":"product_cat","embeddable":true,"href":"https:\/\/difrenos.com\/index.php\/wp-json\/wp\/v2\/product_cat?post=10558"},{"taxonomy":"product_tag","embeddable":true,"href":"https:\/\/difrenos.com\/index.php\/wp-json\/wp\/v2\/product_tag?post=10558"}],"curies":[{"name":"wp","href":"https:\/\/api.w.org\/{rel}","templated":true}]}}